NOAA-Style Climate Reports
Dati NOAA
Dati NOAA
MONTHLY CLIMATOLOGICAL SUMMARY for APR 2024 NAME: Besozzo CITY: Besozzo STATE: Italia ELEV: 302 m LAT: 45.8 N LONG: 8.7 E TEMPERATURE (C), RAIN (mm), WIND SPEED (kph) HEAT COOL AVG MEAN DEG DEG WIND DOM DAY TEMP HIGH TIME LOW TIME DAYS DAYS RAIN SPEED HIGH TIME DIR --------------------------------------------------------------------------------------- 01 10.6 14.7 14:02 4.1 23:48 0.0 0.0 28.4 5.5 41.8 05:00 SE 02 9.6 19.4 15:06 1.2 07:10 0.0 0.0 0.2 1.1 14.5 15:07 S 03 8.8 12.7 17:58 5.6 23:59 0.0 0.0 4.0 2.1 16.1 17:07 SW 04 10.5 17.6 16:41 3.1 06:24 0.0 0.0 0.2 1.4 16.1 15:56 ESE 05 13.1 19.4 18:13 7.2 07:05 0.0 0.0 0.0 1.3 12.9 13:03 ESE 06 14.7 22.8 17:18 7.2 07:12 0.0 0.0 0.0 1.3 11.3 11:48 ESE 07 15.8 23.4 17:37 8.8 06:53 0.0 0.0 0.0 1.0 11.3 11:54 W 08 16.6 24.9 14:40 9.3 06:45 0.0 0.0 0.0 1.2 14.5 14:55 W 09 12.6 15.8 10:09 9.4 17:34 0.0 0.0 7.0 2.8 38.6 13:37 W 10 10.6 13.4 10:29 7.4 03:01 0.0 0.0 10.8 6.8 40.2 13:39 WSW 11 14.9 22.7 15:56 6.9 06:49 0.0 0.0 0.0 2.1 12.9 14:06 SE 12 16.9 26.6 16:13 7.6 06:45 0.0 0.0 0.0 1.5 16.1 16:34 SE 13 18.1 27.4 15:53 8.9 06:54 0.0 0.0 0.0 0.9 16.1 15:02 SSE 14 19.2 28.4 15:52 10.0 07:13 0.0 0.0 0.0 0.9 14.5 16:53 SSE 15 16.6 21.1 17:43 10.8 06:59 0.0 0.0 0.0 2.3 22.5 15:34 ESE 16 15.2 20.4 11:29 9.6 06:37 0.0 0.0 0.0 4.6 51.5 14:01 E 17 12.3 18.7 15:11 3.5 06:43 0.0 0.0 0.0 2.8 30.6 13:57 ESE 18 11.1 15.7 13:44 7.3 05:39 0.0 0.0 0.0 2.1 29.0 13:05 NW 19 11.4 18.0 18:22 2.7 05:36 0.0 0.0 0.0 1.6 22.5 14:16 NW 20 13.1 17.0 14:56 7.0 05:35 0.0 0.0 0.0 3.3 38.6 19:44 NW 21 10.0 15.2 11:56 2.2 05:32 0.0 0.0 0.0 2.1 30.6 19:35 NW 22 6.5 7.9 02:14 4.6 05:05 0.0 0.0 1.4 5.5 37.0 11:37 WNW 23 7.9 14.8 15:32 4.8 06:24 0.0 0.0 0.0 2.4 32.2 17:10 SE 24 9.7 17.0 13:58 -0.3 06:34 0.0 0.0 0.0 2.8 30.6 09:47 ESE 25 8.1 13.8 17:23 -0.5 06:37 0.0 0.0 0.0 2.3 24.1 13:57 ESE 26 9.3 12.5 16:45 7.3 06:33 0.0 0.0 2.2 1.6 20.9 16:33 WNW 27 9.3 11.3 14:27 7.6 04:31 0.0 0.0 5.6 0.8 14.5 13:31 WNW 28 9.3 11.7 18:03 7.9 10:02 0.0 0.0 44.8 2.7 20.9 15:10 WNW 29 14.7 22.9 16:15 7.1 06:54 0.0 0.0 0.0 0.9 17.7 15:28 ESE 30 17.9 24.9 17:17 9.9 07:21 0.0 0.0 0.0 1.9 24.1 12:35 WNW --------------------------------------------------------------------------------------- 12.3 28.4 14 -0.5 25 0.0 0.0 104.6 2.3 51.5 16 SE Max >= 32.2: 0 Max <= 0.0: 0 Min <= 0.0: 2 Min <= -17.8: 0 Max Rain : 44.8 mm ON 28/04/2024 Days of Rain: 8 (> 0.254 mm) 6 (> 2.54 mm) 2 (> 25.4 mm)