NOAA-Style Climate Reports
Dati NOAA
Dati NOAA
MONTHLY CLIMATOLOGICAL SUMMARY for OTT 2023 NAME: Besozzo CITY: Besozzo STATE: Italia ELEV: 302 m LAT: 45.8 N LONG: 8.7 E TEMPERATURE (C), RAIN (mm), WIND SPEED (kph) HEAT COOL AVG MEAN DEG DEG WIND DOM DAY TEMP HIGH TIME LOW TIME DAYS DAYS RAIN SPEED HIGH TIME DIR --------------------------------------------------------------------------------------- 01 18.7 26.2 17:58 12.9 06:06 0.0 0.0 0.0 0.8 11.3 13:51 SE 02 18.6 26.4 15:06 12.6 07:34 0.0 0.0 0.0 1.4 11.3 13:14 SSW 03 18.8 25.9 15:24 12.8 07:01 0.0 0.0 0.0 0.7 11.3 12:06 SE 04 18.8 23.6 13:46 13.4 07:52 0.0 0.0 0.0 1.2 16.1 13:24 ESE 05 19.8 24.3 14:23 15.8 23:59 0.0 0.0 0.0 0.6 12.9 00:13 ESE 06 16.8 23.7 16:40 12.6 06:41 0.0 0.0 0.0 0.3 8.0 13:43 ESE 07 17.2 25.8 17:32 10.5 07:30 0.0 0.0 0.0 0.6 9.7 12:56 W 08 18.3 28.7 16:26 10.3 07:45 0.0 0.0 0.2 0.8 9.7 12:56 E 09 18.2 28.3 15:51 10.6 07:41 0.0 0.0 0.2 0.8 11.3 10:16 NW 10 17.9 27.3 16:09 9.9 07:29 0.0 0.0 0.0 0.8 9.7 09:09 NNW 11 17.4 25.3 16:21 11.7 07:54 0.0 0.0 0.0 0.8 14.5 13:27 SW 12 17.7 24.3 14:48 12.8 04:56 0.0 0.0 0.0 0.8 12.9 14:57 SW 13 18.2 24.1 14:06 15.2 03:29 0.0 0.0 0.0 0.6 9.7 13:49 S 14 17.3 23.6 17:20 13.2 07:17 0.0 0.0 0.0 0.6 8.0 09:46 SSE 15 16.1 23.7 15:26 10.3 07:53 0.0 0.0 0.0 4.7 29.0 17:47 NW 16 12.2 17.3 13:52 8.1 23:32 0.0 0.0 0.0 1.0 11.3 14:26 NNW 17 10.5 17.1 13:40 4.9 07:56 0.0 0.0 0.0 0.6 11.3 13:35 NNW 18 11.0 14.1 14:04 7.5 01:07 0.0 0.0 0.0 0.5 11.3 12:31 NW 19 11.7 12.9 15:31 10.8 03:55 0.0 0.0 16.2 0.3 11.3 11:26 NNW 20 14.0 16.4 13:00 12.0 00:05 0.0 0.0 56.6 2.6 30.6 12:13 SSE 21 15.0 17.2 15:19 12.9 23:19 0.0 0.0 7.4 0.6 9.7 00:55 S 22 13.6 19.6 16:21 9.6 06:08 0.0 0.0 0.2 1.6 11.3 15:49 W 23 12.4 14.0 13:12 10.9 01:50 0.0 0.0 1.6 2.1 16.1 11:12 N 24 12.5 13.5 16:04 11.8 08:33 0.0 0.0 20.4 2.6 14.5 00:01 WNW 25 12.6 17.1 14:31 9.3 05:37 0.0 0.0 0.0 1.3 14.5 10:30 W 26 12.7 17.1 14:56 9.6 05:57 0.0 0.0 7.0 1.3 12.9 00:56 WNW 27 14.2 21.3 15:43 9.6 23:59 0.0 0.0 8.2 2.3 11.3 13:30 W 28 11.1 18.0 16:18 5.2 08:16 0.0 0.0 0.2 0.8 11.3 11:29 WSW 29 11.4 13.0 23:32 8.9 00:17 0.0 0.0 7.8 0.5 12.9 02:48 WNW 30 13.1 14.9 22:23 12.7 10:34 0.0 0.0 41.2 1.1 17.7 23:36 NW 31 12.1 17.3 14:04 6.3 23:56 0.0 0.0 15.2 2.6 29.0 04:10 NW --------------------------------------------------------------------------------------- 15.2 28.7 8 4.9 17 0.0 0.0 182.4 1.2 30.6 20 WNW Max >= 32.2: 0 Max <= 0.0: 0 Min <= 0.0: 0 Min <= -17.8: 0 Max Rain : 56.6 mm ON 20/10/2023 Days of Rain: 10 (> 0.254 mm) 9 (> 2.54 mm) 2 (> 25.4 mm)