NOAA-Style Climate Reports
Dati NOAA
Dati NOAA
MONTHLY CLIMATOLOGICAL SUMMARY for SET 2023 NAME: Besozzo CITY: Besozzo STATE: Italia ELEV: 302 m LAT: 45.8 N LONG: 8.7 E TEMPERATURE (C), RAIN (mm), WIND SPEED (kph) HEAT COOL AVG MEAN DEG DEG WIND DOM DAY TEMP HIGH TIME LOW TIME DAYS DAYS RAIN SPEED HIGH TIME DIR --------------------------------------------------------------------------------------- 01 19.6 26.7 17:51 14.8 04:51 0.0 0.0 0.0 0.7 14.5 12:04 SE 02 20.1 28.1 16:39 13.0 07:03 0.0 0.0 0.0 0.6 16.1 14:03 SW 03 21.0 28.9 16:36 13.9 07:14 0.0 0.0 0.0 0.6 11.3 13:14 ENE 04 21.8 28.6 16:32 15.6 07:03 0.0 0.0 0.2 0.9 16.1 16:16 SE 05 20.6 22.7 17:47 15.1 23:43 0.0 0.0 0.0 1.2 14.5 01:37 SE 06 19.3 27.9 18:09 11.7 07:24 0.0 0.0 0.0 0.5 12.9 13:19 SSE 07 20.2 28.2 16:46 12.9 06:57 0.0 0.0 0.0 0.6 14.5 14:05 S 08 20.6 28.7 15:42 13.8 06:59 0.0 0.0 0.0 0.6 12.9 13:41 S 09 20.9 29.1 15:43 13.8 07:13 0.0 0.0 0.0 0.6 12.9 13:14 SE 10 21.5 29.5 18:50 14.3 07:04 0.0 0.0 0.0 0.6 12.9 14:32 SE 11 21.9 29.6 15:50 15.3 07:09 0.0 0.0 0.0 0.5 14.5 14:14 SSE 12 20.9 28.3 15:29 15.9 06:30 0.0 0.0 0.0 1.1 11.3 16:43 S 13 19.4 24.8 16:23 16.8 08:07 0.0 0.0 10.8 1.8 16.1 14:10 NNW 14 21.0 27.7 18:08 15.6 07:44 0.0 0.0 0.0 1.4 11.3 11:00 NE 15 18.9 24.8 16:37 16.1 07:32 0.0 0.0 58.8 1.4 29.0 00:47 NW 16 17.7 20.9 16:18 15.7 00:34 0.0 0.0 64.6 1.0 17.7 11:23 NW 17 20.5 26.1 15:07 16.6 07:12 0.0 0.0 0.0 0.9 11.3 14:01 ENE 18 18.9 21.2 14:44 17.2 23:58 0.0 0.0 42.8 0.8 22.5 17:34 NW 19 19.7 26.8 15:05 14.6 07:16 0.0 0.0 0.0 0.7 11.3 13:13 S 20 18.2 22.7 15:37 15.4 04:19 0.0 0.0 21.0 1.1 41.8 19:39 ENE 21 17.1 21.3 13:29 15.8 05:34 0.0 0.0 45.2 1.5 24.1 14:03 ESE 22 17.8 21.2 16:57 15.5 23:29 0.0 0.0 7.6 6.1 40.2 05:24 SE 23 16.6 22.7 16:45 12.6 04:28 0.0 0.0 7.4 2.2 35.4 05:04 WNW 24 16.5 23.8 15:42 10.1 23:57 0.0 0.0 0.0 2.4 24.1 11:22 W 25 14.9 25.1 17:57 7.3 07:00 0.0 0.0 0.0 0.5 12.9 11:57 SE 26 16.4 25.5 14:38 8.6 06:38 0.0 0.0 0.0 0.6 12.9 12:33 SSE 27 17.7 26.4 15:07 10.9 07:32 0.0 0.0 0.0 0.9 11.3 11:00 SW 28 18.2 26.4 16:46 12.7 03:36 0.0 0.0 0.0 0.4 11.3 13:18 S 29 17.9 26.1 16:22 11.1 07:10 0.0 0.0 0.0 0.5 11.3 12:58 SSE 30 18.7 26.9 15:59 12.3 07:51 0.0 0.0 0.0 0.4 11.3 15:09 SE --------------------------------------------------------------------------------------- 19.1 29.6 11 7.3 25 0.0 0.0 258.4 1.1 41.8 20 SE Max >= 32.2: 0 Max <= 0.0: 0 Min <= 0.0: 0 Min <= -17.8: 0 Max Rain : 64.6 mm ON 16/09/2023 Days of Rain: 8 (> 0.254 mm) 8 (> 2.54 mm) 4 (> 25.4 mm)