NOAA-Style Climate Reports
Dati NOAA
Dati NOAA
MONTHLY CLIMATOLOGICAL SUMMARY for GEN 2023 NAME: Besozzo CITY: Besozzo STATE: Italia ELEV: 302 m LAT: 45.8 N LONG: 8.7 E TEMPERATURE (C), RAIN (mm), WIND SPEED (kph) HEAT COOL AVG MEAN DEG DEG WIND DOM DAY TEMP HIGH TIME LOW TIME DAYS DAYS RAIN SPEED HIGH TIME DIR --------------------------------------------------------------------------------------- 01 8.1 9.2 13:58 7.1 02:50 0.0 0.0 4.6 0.2 11.3 13:52 S 02 8.8 9.6 14:35 8.3 06:41 0.0 0.0 2.8 0.2 12.9 16:28 S 03 8.8 9.7 16:34 7.8 23:56 0.0 0.0 2.4 0.2 12.9 16:46 SSW 04 6.8 10.8 14:15 3.6 20:55 0.0 0.0 0.2 0.3 9.7 15:04 SW 05 5.9 12.8 13:46 1.4 23:54 0.0 0.0 0.0 0.6 16.1 16:26 NW 06 4.8 6.4 15:24 0.3 02:01 0.0 0.0 0.2 1.4 17.7 22:05 NW 07 4.4 6.1 15:33 3.3 19:30 0.0 0.0 0.0 1.9 14.5 01:36 NNW 08 5.2 6.2 13:45 4.0 00:01 0.0 0.0 10.8 1.3 16.1 22:57 NNW 09 6.3 10.3 15:24 0.7 23:48 0.0 0.0 0.4 1.9 33.8 18:32 WNW 10 6.3 14.3 13:24 -0.8 23:51 0.0 0.0 0.0 4.8 43.5 05:43 WNW 11 2.3 8.2 15:12 -2.3 08:04 0.0 0.0 0.0 0.2 6.4 11:55 WSW 12 1.7 9.1 14:17 -2.8 08:36 0.0 0.0 0.0 0.2 6.4 11:55 W 13 1.8 10.1 13:57 -2.7 04:47 0.0 0.0 0.2 0.3 8.0 15:01 W 14 2.4 10.7 13:46 -3.6 08:03 0.0 0.0 0.0 0.8 9.7 12:47 W 15 3.1 7.1 14:44 -0.4 23:50 0.0 0.0 0.0 0.2 8.0 12:43 NW 16 2.0 4.5 14:53 -2.1 02:11 0.0 0.0 0.2 1.0 16.1 16:01 SW 17 1.6 3.1 10:58 -0.3 03:26 0.0 0.0 1.4 1.1 19.3 04:36 W 18 1.2 6.8 14:12 -2.4 07:48 0.0 0.0 0.2 1.3 16.1 16:54 SE 19 3.1 7.8 15:28 -1.4 00:21 0.0 0.0 0.0 4.7 45.1 07:53 NW 20 3.0 8.1 13:01 -1.3 07:10 0.0 0.0 0.0 6.6 37.0 18:58 NW 21 5.4 8.8 14:33 3.1 06:17 0.0 0.0 0.0 12.7 51.5 10:27 NW 22 1.8 8.2 14:39 -3.2 06:30 0.0 0.0 0.0 1.1 22.5 00:24 WNW 23 1.3 5.7 14:49 -3.9 05:39 0.0 0.0 0.0 1.4 20.9 08:17 SW 24 4.7 11.0 14:38 -0.1 23:31 0.0 0.0 0.0 1.1 14.5 10:47 W 25 2.9 8.4 12:05 -1.7 22:42 0.0 0.0 0.0 0.7 12.9 12:09 WSW 26 2.6 7.2 14:37 -0.8 20:45 0.0 0.0 0.0 0.8 14.5 05:15 SSE 27 2.2 3.9 14:41 0.1 23:58 0.0 0.0 0.0 0.8 8.0 10:11 S 28 0.4 7.9 15:12 -5.1 07:57 0.0 0.0 0.0 0.8 16.1 14:00 W 29 -0.2 7.9 14:46 -6.2 08:07 0.0 0.0 0.0 0.6 12.9 12:44 NW 30 0.4 9.6 15:18 -5.8 05:51 0.0 0.0 0.0 1.0 11.3 12:21 NW 31 2.0 12.1 15:10 -5.2 07:56 0.0 0.0 0.0 0.6 9.7 13:54 S --------------------------------------------------------------------------------------- 3.6 14.3 10 -6.2 29 0.0 0.0 23.4 1.6 51.5 21 W Max >= 32.2: 0 Max <= 0.0: 0 Min <= 0.0: 20 Min <= -17.8: 0 Max Rain : 10.8 mm ON 08/01/2023 Days of Rain: 6 (> 0.254 mm) 3 (> 2.54 mm) 0 (> 25.4 mm)