NOAA-Style Climate Reports
Dati NOAA
Dati NOAA
MONTHLY CLIMATOLOGICAL SUMMARY for MAR 2022 NAME: Besozzo CITY: Besozzo STATE: Italia ELEV: 302 m LAT: 45.8 N LONG: 8.7 E TEMPERATURE (C), RAIN (mm), WIND SPEED (kph) HEAT COOL AVG MEAN DEG DEG WIND DOM DAY TEMP HIGH TIME LOW TIME DAYS DAYS RAIN SPEED HIGH TIME DIR --------------------------------------------------------------------------------------- 01 4.5 8.9 14:39 -2.4 23:59 0.0 0.0 0.0 2.8 25.7 00:49 NNW 02 3.4 12.3 14:57 -5.1 06:16 0.0 0.0 0.0 1.0 16.1 12:36 NE 03 5.7 13.7 15:20 -1.9 07:12 0.0 0.0 0.0 1.1 14.5 12:48 ESE 04 5.4 11.0 15:22 -1.9 05:25 0.0 0.0 0.0 4.8 19.3 10:50 SSE 05 5.2 9.5 14:54 1.4 21:18 0.0 0.0 0.0 2.4 22.5 11:07 SSE 06 4.3 9.1 15:50 -2.1 23:57 0.0 0.0 0.0 1.4 17.7 01:34 SSE 07 2.3 10.1 14:29 -4.9 07:05 0.0 0.0 0.0 0.9 17.7 12:02 SSW 08 1.5 7.0 15:13 -3.4 23:45 0.0 0.0 0.0 1.4 17.7 01:34 W 09 2.5 13.2 15:55 -6.2 06:43 0.0 0.0 0.0 0.8 12.9 11:52 SSW 10 4.4 14.1 16:06 -4.4 07:02 0.0 0.0 0.0 1.2 17.7 14:31 W 11 5.0 8.4 15:41 -0.6 02:25 0.0 0.0 0.0 1.3 24.1 23:45 SE 12 4.8 7.9 15:58 1.4 23:19 0.0 0.0 0.0 1.4 20.9 00:40 SE 13 4.6 10.1 14:49 -2.1 05:10 0.0 0.0 0.0 1.0 16.1 12:27 SSW 14 7.9 12.9 14:05 3.7 06:46 0.0 0.0 0.0 1.6 16.1 15:15 S 15 7.8 10.6 15:31 5.5 23:28 0.0 0.0 0.6 2.4 16.1 14:12 WNW 16 9.1 16.0 15:46 1.4 06:56 0.0 0.0 0.0 1.0 14.5 15:38 W 17 9.9 12.1 17:12 6.4 01:23 0.0 0.0 0.0 0.8 14.5 01:53 NW 18 10.2 12.6 15:11 7.1 06:58 0.0 0.0 0.0 1.1 16.1 19:34 SE 19 9.4 13.7 15:02 6.0 07:13 0.0 0.0 0.0 2.7 19.3 16:06 SE 20 6.3 13.3 14:42 -2.1 06:26 0.0 0.0 0.0 1.6 19.3 14:59 SSE 21 7.1 13.4 16:04 1.0 23:58 0.0 0.0 0.0 1.6 19.3 14:32 S 22 6.1 15.2 15:41 -2.7 06:32 0.0 0.0 0.0 1.8 19.3 14:59 S 23 8.4 20.1 15:10 -2.5 06:15 0.0 0.0 0.0 1.3 20.9 14:31 SW 24 10.0 21.9 15:21 -1.4 06:29 0.0 0.0 0.0 1.5 17.7 16:06 SSW 25 10.2 20.6 14:23 -0.3 05:46 0.0 0.0 0.0 1.6 19.3 13:09 S 26 10.4 20.2 14:26 -0.2 06:49 0.0 0.0 0.0 1.8 22.5 14:09 SE 27 10.5 20.1 14:03 1.0 07:23 0.0 0.0 0.0 1.5 19.3 14:13 SSE 28 10.6 21.3 15:54 0.2 06:14 0.0 0.0 0.0 1.3 19.3 14:48 S 29 10.2 18.0 16:50 2.5 06:20 0.0 0.0 0.0 2.1 17.7 13:06 S 30 8.4 9.5 16:37 5.8 05:35 0.0 0.0 5.0 0.8 9.7 12:45 SW 31 10.2 14.6 14:42 6.9 07:52 0.0 0.0 1.0 1.4 20.9 16:03 NW --------------------------------------------------------------------------------------- 7.0 21.9 24 -6.2 9 0.0 0.0 6.6 1.6 25.7 1 S Max >= 32.2: 0 Max <= 0.0: 0 Min <= 0.0: 17 Min <= -17.8: 0 Max Rain : 5.0 mm ON 30/03/2022 Days of Rain: 3 (> 0.254 mm) 1 (> 2.54 mm) 0 (> 25.4 mm)