NOAA-Style Climate Reports
Dati NOAA
Dati NOAA
MONTHLY CLIMATOLOGICAL SUMMARY for JUN 2021 NAME: Besozzo CITY: Besozzo STATE: Italia ELEV: 302 m LAT: 45.8 N LONG: 8.7 E TEMPERATURE (C), RAIN (mm), WIND SPEED (kph) HEAT COOL AVG MEAN DEG DEG WIND DOM DAY TEMP HIGH TIME LOW TIME DAYS DAYS RAIN SPEED HIGH TIME DIR --------------------------------------------------------------------------------------- 01 18.4 24.9 15:02 10.5 06:06 0.0 0.0 0.0 1.4 19.3 15:41 S 02 18.5 21.7 14:15 14.3 06:21 0.0 0.0 1.0 3.8 22.5 14:24 WNW 03 20.2 26.9 17:27 13.9 04:34 0.0 0.0 0.0 1.3 19.3 13:23 W 04 21.4 28.4 15:34 14.9 05:32 0.0 0.0 0.0 1.4 20.9 14:34 SSW 05 20.0 26.1 14:10 15.0 05:59 0.0 0.0 1.2 2.5 29.0 14:52 NW 06 20.2 28.5 17:01 10.9 06:32 0.0 0.0 28.8 3.1 35.4 20:38 WSW 07 19.1 24.2 13:45 13.5 05:59 0.0 0.0 0.4 1.2 17.7 12:51 WNW 08 20.4 26.0 14:29 16.3 23:54 0.0 0.0 0.0 1.5 22.5 14:33 W 09 21.3 28.7 16:04 14.3 05:25 0.0 0.0 0.0 1.3 16.1 13:23 SE 10 21.9 28.6 14:52 13.0 06:09 0.0 0.0 0.0 1.3 17.7 16:58 WSW 11 21.9 28.5 15:32 15.0 05:57 0.0 0.0 0.0 2.9 37.0 20:09 SSE 12 22.4 29.2 16:47 14.1 06:08 0.0 0.0 0.0 1.3 19.3 12:49 SSW 13 25.8 34.2 17:16 16.9 02:56 0.0 0.0 0.0 4.0 25.7 08:23 WSW 14 23.9 29.9 17:40 16.9 04:56 0.0 0.0 0.0 1.3 16.1 13:18 S 15 23.7 27.9 15:29 19.4 23:57 0.0 0.0 0.0 1.8 29.0 01:13 S 16 23.5 29.2 17:30 16.6 05:46 0.0 0.0 0.0 1.4 17.7 13:44 SSE 17 24.8 30.0 17:44 20.4 03:02 0.0 0.0 0.0 1.1 16.1 14:28 SW 18 24.4 30.6 16:54 17.8 05:38 0.0 0.0 0.0 1.2 17.7 17:52 S 19 23.4 30.0 14:29 16.4 04:50 0.0 0.0 0.0 1.0 14.5 15:45 SSE 20 22.4 28.7 14:32 18.0 05:44 0.0 0.0 0.8 1.1 22.5 14:49 SSE 21 21.9 28.7 14:49 18.1 05:46 0.0 0.0 20.8 1.5 30.6 18:09 NW 22 20.6 28.1 15:47 15.8 04:03 0.0 0.0 0.8 2.6 25.7 16:16 WNW 23 21.9 28.0 13:29 15.1 06:06 0.0 0.0 0.0 3.4 33.8 20:00 WNW 24 20.3 28.1 14:33 14.1 06:12 0.0 0.0 0.8 3.2 35.4 16:39 WNW 25 21.2 28.6 15:57 12.6 06:48 0.0 0.0 0.2 1.9 19.3 08:23 WSW 26 21.5 28.2 13:53 12.8 06:14 0.0 0.0 0.0 1.1 17.7 17:25 SSW 27 23.3 30.0 13:56 15.4 05:37 0.0 0.0 0.0 1.3 16.1 10:18 WNW 28 25.4 31.6 18:51 18.2 23:45 0.0 0.0 10.0 2.1 35.4 23:35 WNW 29 21.0 27.5 13:05 17.7 15:09 0.0 0.0 3.0 2.7 32.2 14:21 WNW 30 21.6 28.1 15:08 14.8 06:44 0.0 0.0 0.4 1.1 19.3 15:25 W --------------------------------------------------------------------------------------- 21.9 34.2 13 10.5 1 0.0 0.0 68.2 1.9 37.0 11 W Max >= 32.2: 1 Max <= 0.0: 0 Min <= 0.0: 0 Min <= -17.8: 0 Max Rain : 28.8 mm ON 06/06/2021 Days of Rain: 11 (> 0.254 mm) 4 (> 2.54 mm) 1 (> 25.4 mm)