NOAA-Style Climate Reports
Dati NOAA
Dati NOAA
MONTHLY CLIMATOLOGICAL SUMMARY for SEP 2020 /NAME: Besozzo CITY: Besozzo STATE: Italia ELEV: 302 m LAT: 45.8 N LONG: 8.7 E TEMPERATURE (C), RAIN (mm), WIND SPEED (kph) HEAT COOL AVG MEAN DEG DEG WIND DOM DAY TEMP HIGH TIME LOW TIME DAYS DAYS RAIN SPEED HIGH TIME DIR --------------------------------------------------------------------------------------- 01 17.8 26.0 14:47 9.6 06:12 0.3 0.0 0.0 0.4 12.9 15:19 S 02 17.6 22.3 18:04 13.9 05:51 0.0 0.6 0.2 0.4 12.9 15:19 SW 03 18.7 26.0 16:55 11.6 07:13 0.0 1.7 0.0 0.4 11.3 15:51 SW 04 19.6 26.9 15:19 12.2 07:08 0.0 2.8 0.0 0.4 12.9 13:19 SSW 05 20.9 28.5 17:21 13.6 06:56 0.0 5.4 0.0 0.4 11.3 12:53 SSW 06 20.8 26.9 14:10 15.1 07:02 0.0 5.2 4.6 0.8 16.1 14:10 SSW 07 17.6 22.0 17:03 14.3 23:55 0.0 0.1 6.2 0.4 22.5 05:09 WNW 08 19.0 25.8 17:15 12.8 05:50 0.0 2.6 0.0 0.3 12.9 13:32 SW 09 20.6 28.0 15:57 13.9 06:58 0.0 5.4 0.0 0.3 14.5 15:58 S 10 20.8 27.9 15:09 14.4 07:01 0.0 5.7 0.0 0.3 11.3 14:25 SSE 11 21.0 28.0 15:24 16.0 07:29 0.0 7.1 0.0 0.6 14.5 14:15 S 12 21.6 29.8 15:54 14.6 06:48 0.0 8.0 0.0 0.4 12.9 14:16 SSW 13 22.7 30.5 17:06 15.9 07:32 0.0 9.5 0.0 0.3 11.3 16:14 SW 14 22.3 29.2 17:43 16.8 06:06 0.0 9.2 0.0 0.5 14.5 13:25 SW 15 21.5 28.7 16:01 15.7 07:11 0.0 7.8 0.0 0.4 12.9 14:41 SW 16 22.3 29.2 16:09 17.9 05:06 0.0 10.2 0.2 0.5 14.5 16:44 SE 17 21.7 30.4 16:08 14.4 07:34 0.0 8.5 0.0 0.3 12.9 14:08 N 18 21.0 28.5 15:37 14.2 07:12 0.0 6.1 0.0 0.3 12.9 14:40 WNW 19 19.2 24.4 17:21 15.2 07:07 0.0 3.1 0.0 0.3 12.9 15:20 S 20 18.5 23.4 17:32 14.9 04:24 0.0 2.0 0.0 0.3 11.3 13:51 SSW 21 18.4 24.2 17:16 14.9 05:44 0.0 3.0 0.0 0.3 11.3 14:27 NNW 22 18.0 21.2 13:21 15.6 07:56 0.0 0.5 1.4 0.8 19.3 23:28 SSW 23 18.3 23.4 16:07 15.3 06:36 0.0 2.6 8.2 0.6 16.1 00:02 SSE 24 17.0 20.7 15:52 14.5 01:44 1.0 0.0 34.8 1.0 22.5 21:12 S 25 13.4 16.1 04:31 9.2 23:52 10.2 0.0 29.6 1.2 38.6 13.56 WNW 26 12.2 18.9 12:00 6.7 06:40 9.8 0.0 0.0 0.6 25.7 14:50 NNW 27 11.4 18.4 18:05 4.6 07:50 11.2 0.0 0.0 0.6 25.7 19:20 NW 28 12.0 20.6 16:21 4.1 07:34 9.8 0.0 0.0 0.4 11.3 15:31 WNW 29 13.3 20.4 14:59 7.7 07:33 7.0 0.0 0.0 0.4 11.3 15:31 ESE 30 14.1 21.6 15:15 7.2 07:26 6.3 0.0 0.0 0.4 12.9 13:24 SSE --------------------------------------------------------------------------------------- 18.4 30.5 13 4.1 28 55.8 107.1 85.2 0.5 38.6 25 SSW Max >= 32.2: 0 Max <= 0.0: 0 Min <= 0.0: 0 Min <= -17.8: 0 Max Rain : 34.8 mm ON 24/09/2020 Days of Rain: 6 (> 0.254 mm) 5 (> 2.54 mm) 2 (> 25.4 mm)