NOAA-Style Climate Reports
Dati NOAA
Dati NOAA
MONTHLY CLIMATOLOGICAL SUMMARY for AUG 2019 NAME: Besozzo CITY: Besozzo STATE: Italia ELEV: 302 m LAT: 45.8 N LONG: 8.7 E TEMPERATURE (C), RAIN (mm), WIND SPEED (kph) HEAT COOL AVG MEAN DEG DEG WIND DOM DAY TEMP HIGH TIME LOW TIME DAYS DAYS RAIN SPEED HIGH TIME DIR --------------------------------------------------------------------------------------- 01 24.8 31.2 15:20 18.2 05:35 0.0 11.7 0.0 1.5 20.9 15:56 SW 02 22.9 27.8 19:04 16.9 14:12 0.0 7.8 2.0 1.2 29.0 13:51 WSW 03 22.1 31.7 15:44 12.6 06:31 0.0 7.2 0.0 1.5 17.7 17:42 SW 04 23.2 30.6 16:10 15.4 06:45 0.0 8.9 0.0 1.2 17.7 14:18 SSE 05 24.4 30.7 14:30 18.2 05:42 0.0 11.4 0.0 1.3 14.5 13:01 S 06 24.3 29.9 13:51 19.6 02:38 0.0 12.0 11.8 1.1 16.1 15:32 SW 07 19.1 20.6 19:41 17.4 23:57 0.0 1.2 21.2 0.4 19.3 15:56 ESE 08 22.8 29.6 16:55 15.8 04:47 0.0 8.4 0.2 0.7 12.9 13:01 S 09 24.3 31.1 15:39 17.3 06:09 0.0 11.2 0.0 0.6 14.5 12:10 SW 10 25.2 31.8 16:16 21.2 02:24 0.0 15.2 3.4 0.4 14.5 16:17 WSW 11 25.3 29.9 15:31 20.8 06:51 0.0 12.8 0.0 1.6 22.5 15:35 SW 12 22.9 28.0 11:11 17.4 23:11 0.0 8.1 10.2 1.6 38.6 12:18 W 13 23.1 28.7 13:45 17.2 04:15 0.0 8.6 0.0 1.0 22.5 00:57 NW 14 22.7 28.5 18:36 14.7 23:53 0.0 6.2 0.0 1.3 14.5 02:07 W 15 20.1 27.3 17:14 13.5 03:04 0.0 4.4 0.0 0.7 14.5 15:01 W 16 20.8 28.0 18:13 14.2 05:22 0.0 5.6 0.0 0.5 14.5 11:17 WSW 17 21.0 28.3 18:48 14.6 07:02 0.0 6.3 0.0 0.2 9.7 11:22 WSW 18 22.3 29.7 15:48 15.5 04:28 0.0 8.2 0.0 0.5 14.5 14:28 WSW 19 23.4 28.8 17:50 20.2 06:39 0.0 11.8 1.4 0.3 12.9 17:49 NNW 20 20.5 23.9 17:11 18.0 20:47 0.0 4.7 46.0 0.5 46.7 18:55 NNW 21 24.2 30.8 16:36 17.7 00:20 0.0 11.3 0.0 0.9 24.1 07:39 WNW 22 22.4 28.9 16:16 18.1 06:55 0.0 10.1 12.8 0.3 12.9 04:58 W 23 20.8 26.9 15:23 15.8 06:47 0.0 5.6 0.0 0.2 12.9 14:04 E 24 22.4 30.7 16:20 15.9 05:02 0.0 9.8 0.0 0.2 12.9 15:28 WSW 25 23.8 30.1 17:24 17.6 07:12 0.0 10.6 0.0 0.4 12.9 16:15 SW 26 24.0 30.7 15:21 17.1 07:07 0.0 10.4 0.0 0.5 12.9 14:21 WSW 27 23.7 30.3 14:00 17.8 06:55 0.0 10.6 0.0 0.3 14.5 15:40 SSW 28 20.0 23.1 17:54 17.7 10:17 0.0 3.9 42.0 0.5 24.1 10:47 W 29 22.2 30.8 16:49 16.6 04:10 0.0 10.4 0.2 0.3 11.3 14:27 ENE 30 23.0 31.8 17:23 15.2 06:43 0.0 9.8 0.0 0.3 11.3 15:11 SW 31 22.6 30.0 17:31 18.3 06:41 0.0 11.3 0.4 0.3 24.1 23:43 W --------------------------------------------------------------------------------------- 22.7 31.8 10 12.6 3 0.0 275.6 151.6 0.7 46.7 20 WSW Max >= 32.2: 0 Max <= 0.0: 0 Min <= 0.0: 0 Min <= -17.8: 0 Max Rain : 46.0 mm ON 20/08/2019 Days of Rain: 10 (> 0.254 mm) 7 (> 2.54 mm) 2 (> 25.4 mm)