NOAA-Style Climate Reports
Dati NOAA
Dati NOAA
MONTHLY CLIMATOLOGICAL SUMMARY for DEC 2018 NAME: Vantage Pro 2 CITY: Besozzo STATE: Italia ELEV: 302.1 m LAT: 45.8 N LONG: 8.7 E TEMPERATURE (C), RAIN (mm), WIND SPEED (kph) HEAT COOL AVG MEAN DEG DEG WIND DOM DAY TEMP HIGH TIME LOW TIME DAYS DAYS RAIN SPEED HIGH TIME DIR --------------------------------------------------------------------------------------- 01 4.4 8.6 14:26 0.1 22:24 24.8 0.0 0.0 0.2 12.9 12:21 SSW 02 2.5 8.4 15:00 -1.4 03:57 26.5 0.0 0.0 0.1 8.0 14:29 SSE 03 4.7 10.9 13:58 0.5 03:06 22.6 0.0 2.2 0.2 11.3 13:25 NE 04 6.6 17.5 15:16 1.7 23:27 15.6 0.0 0.4 0.4 12.9 12:12 ESE 05 5.7 13.9 14:36 -0.5 08:12 20.2 0.0 0.0 0.5 22.5 12:11 SE 06 6.9 12.0 14:17 1.7 23:58 20.2 0.0 0.0 0.1 12.9 12:55 S 07 5.0 11.7 14:27 0.7 01:52 21.2 0.0 0.2 0.2 16.1 12:51 SSE 08 7.2 15.7 12:58 0.2 23:59 18.2 0.0 0.2 0.6 17.7 09:13 W 09 5.6 14.7 14:47 -1.6 07:30 20.8 0.0 0.0 0.8 24.1 19:16 NW 10 8.9 13.2 11:48 5.1 00:07 15.9 0.0 0.0 1.9 25.7 13:30 NW 11 5.7 12.7 14:45 -2.9 23:38 23.3 0.0 0.0 1.3 20.9 01:30 NW 12 -0.1 8.7 15:33 -5.7 08:04 30.3 0.0 0.0 0.2 9.7 14:10 SE 13 0.8 5.3 14:16 -2.8 00:10 30.8 0.0 0.0 0.2 11.3 20:20 S 14 0.1 6.3 15:19 -4.4 23:58 31.2 0.0 0.0 0.3 9.7 11:10 SE 15 -1.9 5.7 14:43 -6.7 06:56 33.4 0.0 0.0 0.1 11.3 12:33 SSW 16 0.0 2.3 12:38 -2.8 00:00 33.2 0.0 0.0 0.2 11.3 12:08 SSW 17 1.3 7.1 15:09 -3.2 23:58 29.2 0.0 0.0 0.2 12.9 12:37 SW 18 -0.2 7.1 15:15 -3.6 00:54 29.2 0.0 0.0 0.1 9.7 10:23 SE 19 0.0 3.1 13:44 -2.9 00:31 32.6 0.0 2.5 0.1 8.0 13:38 SSE 20 1.6 3.5 15:38 -0.3 07:13 30.0 0.0 4.3 0.1 8.0 18:45 SSE 21 1.6 6.5 14:08 -1.9 05:39 28.0 0.0 0.0 0.4 11.3 12:15 ESE 22 1.4 8.7 15:39 -2.3 07:07 26.8 0.0 0.2 0.1 9.7 14:57 ESE 23 1.0 8.1 15:14 -2.4 03:43 27.7 0.0 0.2 0.1 8.0 10:21 ESE 24 7.1 15.6 13:13 -0.3 04:12 19.0 0.0 0.2 3.8 54.7 14:30 SE 25 3.6 12.0 15:43 -3.3 08:24 24.9 0.0 0.0 0.8 19.3 19:41 SE 26 0.3 9.4 15:06 -4.7 08:06 28.4 0.0 0.0 0.2 9.7 15:10 SE 27 0.1 9.2 14:43 -5.5 07:18 29.7 0.0 0.0 0.1 8.0 13:40 SSE 28 0.6 7.2 14:46 -3.7 02:05 29.6 0.0 0.0 0.1 3.2 10:40 WSW 29 1.8 12.9 14:46 -4.2 08:26 24.7 0.0 0.2 0.1 9.7 19:24 SW 30 7.0 18.0 12:41 -3.4 04:28 19.6 0.0 0.2 3.7 53.1 14:10 SSW 31 3.3 13.6 15:36 -2.1 07:34 22.4 0.0 0.0 0.3 16.1 13:07 SSW --------------------------------------------------------------------------------------- 3.0 18.0 30 -6.7 15 790.0 0.0 10.8 0.6 54.7 24 SSE Max >= 32.2: 0 Max <= 0.0: 0 Min <= 0.0: 24 Min <= -17.8: 0 Max Rain : 4.3 mm On 20/12/2018 Days of Rain: 6 (> 0.254 mm) 2 (> 2.54 mm) 0 (> 25.4 mm)