NOAA-Style Climate Reports
Dati NOAA
Dati NOAA
MONTHLY CLIMATOLOGICAL SUMMARY for MAR 2018 NAME: Vantage Pro 2 CITY: Besozzo STATE: Italia ELEV: 302.1 m LAT: 45.8 N LONG: 8.7 E TEMPERATURE (C), RAIN (mm), WIND SPEED (kph) HEAT COOL AVG MEAN DEG DEG WIND DOM DAY TEMP HIGH TIME LOW TIME DAYS DAYS RAIN SPEED HIGH TIME DIR --------------------------------------------------------------------------------------- 01 -1.8 -0.4 16:00 -3.9 04:29 36.6 0.0 1.8 0.2 11.3 14:24 S 02 0.2 1.6 15:42 -1.2 00:00 32.7 0.0 4.8 0.1 8.0 03:17 WSW 03 1.7 3.7 15:17 0.1 06:43 29.5 0.0 3.0 0.4 14.5 01:25 SSE 04 3.0 8.7 14:43 -1.1 02:56 26.1 0.0 0.0 1.2 16.1 10:25 SE 05 5.2 8.6 15:34 2.6 04:22 22.9 0.0 0.8 0.3 11.3 10:20 W 06 5.8 8.7 11:51 2.3 07:14 23.2 0.0 0.0 0.4 12.9 12:15 SSW 07 4.1 8.6 16:31 -0.9 23:57 26.2 0.0 2.0 0.6 16.1 12:27 SE 08 5.7 15.7 14:19 -2.2 06:42 20.8 0.0 0.2 1.3 19.3 15:10 SE 09 8.0 15.6 13:42 1.2 07:21 17.8 0.0 0.0 1.0 17.7 14:32 ESE 10 8.0 8.9 00:08 7.1 23:41 18.2 0.0 7.2 0.1 9.7 15:20 SE 11 6.6 7.2 00:43 5.4 23:57 21.6 0.0 33.4 0.9 20.9 12:09 WNW 12 7.4 11.8 16:33 4.6 23:39 17.8 0.0 0.8 0.5 12.9 14:21 W 13 7.9 16.6 15:19 0.2 07:17 17.3 0.0 0.0 0.5 14.5 13:37 ESE 14 9.8 17.2 14:59 0.6 07:06 16.1 0.0 0.0 1.8 20.9 13:05 SE 15 5.4 7.4 11:45 3.4 02:17 23.2 0.0 29.2 0.4 16.1 18:15 WNW 16 8.0 15.6 15:29 1.3 07:20 17.0 0.0 0.6 1.0 19.3 15:46 SSE 17 5.3 6.8 02:46 4.4 12:43 22.8 0.0 32.6 1.4 30.6 03:35 NW 18 5.2 6.7 15:04 4.4 02:45 23.0 0.0 10.4 0.4 16.1 16:10 NW 19 4.0 5.1 00:54 3.2 10:32 25.5 0.0 0.2 1.4 16.1 09:00 SSE 20 6.3 11.2 15:12 2.8 03:18 19.8 0.0 0.0 2.1 32.2 19:45 SSE 21 5.8 9.7 14:51 -0.2 22:46 23.8 0.0 0.0 3.4 30.6 00:45 SSW 22 4.9 10.5 14:19 -0.2 00:00 23.1 0.0 0.0 0.9 16.1 13:06 E 23 8.5 14.1 14:52 -0.6 02:01 20.1 0.0 0.0 3.2 24.1 08:45 SSE 24 7.6 11.3 14:55 4.4 21:13 18.0 0.0 0.0 1.0 19.3 00:30 S 25 7.9 13.3 15:56 2.7 06:47 17.8 0.0 0.0 1.4 17.7 12:48 S 26 8.3 16.8 16:28 -1.3 07:27 18.5 0.0 0.0 0.9 14.5 14:10 SE 27 10.4 17.6 13:33 1.0 07:44 15.4 0.0 0.0 1.7 20.9 21:22 WNW 28 9.5 15.2 16:12 1.3 07:36 17.7 0.0 0.0 1.6 17.7 14:13 SSE 29 10.4 11.8 15:15 9.2 08:19 13.8 0.0 0.6 2.1 20.9 13:35 SSE 30 10.2 13.1 19:01 8.4 07:43 13.4 0.0 5.0 2.6 30.6 23:29 WNW 31 8.9 12.4 00:00 3.7 23:59 18.3 0.0 8.4 4.0 33.8 00:45 WNW --------------------------------------------------------------------------------------- 6.4 17.6 27 -3.9 1 658.1 0.0 141.0 1.3 33.8 31 SE Max >= 32.2: 0 Max <= 0.0: 1 Min <= 0.0: 9 Min <= -17.8: 0 Max Rain : 28.7 mm ON 03/11/2018 Days of Rain: 15 (> 0.254 mm) 9 (> 2.54 mm) 2 (> 25.4 mm)