NOAA-Style Climate Reports
Dati NOAA
Dati NOAA
MONTHLY CLIMATOLOGICAL SUMMARY for NOV. 2016 NAME: Monischeva CITY: Besozzo STATE: Italia ELEV: 300 m LAT: 45° 50' 46" N LONG: 8° 40' 02" E TEMPERATURE (°C), RAIN (mm), WIND SPEED (km/hr) HEAT COOL AVG MEAN DEG DEG WIND DOM DAY TEMP HIGH TIME LOW TIME DAYS DAYS RAIN SPEED HIGH TIME DIR ------------------------------------------------------------------------------------ 01 10.7 15.2 15:03 5.9 23:54 12.2 0.0 0.0 0.2 9.7 13:09 SE 02 9.3 14.2 12:39 4.4 00:00 9.0 0.0 0.3 0.1 9.7 9:50 SE 03 8.9 15.6 13:26 2.5 04:15 9.4 0.0 0.3 1.3 22.5 13:37 SE 04 9.9 12.6 13:41 8.0 19:08 8.4 0.0 1.0 0.2 11.3 1:25 SE 05 8.9 9.7 13:18 8.3 05:38 9.4 0.0 15.7 0.1 11.3 11:09 N 06 9.3 11.2 16:16 7.7 23:40 9.0 0.0 1.3 0.3 11.3 17:14 N 07 7.0 14.3 13:59 -0.4 23:59 11.3 0.0 0.0 0.7 16.1 1:59 W 08 3.3 13.1 14:56 -2.7 07:25 24.0 0.0 0.0 0.5 14.5 13:11 WNW 09 2.8 9.0 13:31 -2.6 07:11 15.5 0.0 0.0 0.2 12.9 12:15 SW 10 4.1 12.3 14:32 -2.3 05:39 14.2 0.0 0.3 0.6 14.5 9:41 SSW 11 5.5 10.9 15:07 -0.1 03:12 12.8 0.0 0.3 0.6 12.9 22:21 SW 12 7.4 15.9 14:50 -0.4 23:23 10.9 0.0 0.0 1.2 19.3 9:42 W 13 5.5 13.2 12:54 -0.7 01:27 12.8 0.0 0.0 0.8 16.1 13:03 SE 14 5.7 8.4 14:04 0.6 23:36 12.6 0.0 0.0 0.2 9.7 14:03 SE 15 3.9 6.5 13:01 -0.5 23:59 14.4 0.0 0.0 0.3 9.7 11:15 SE 16 3.4 10.0 14:56 -1.2 03:58 14.9 0.0 0.0 0.2 9.7 11:37 SE 17 4.7 7.9 15:32 -0.3 03:32 13.6 0.0 0.3 0.1 9.7 6:24 SE 18 6.8 7.8 15:49 5.9 06:01 11.5 0.0 4.8 0.1 6.4 13:21 SE 19 7.4 8.7 16:28 6.4 20:57 10.9 0.0 8.6 0.1 9.7 10:12 SE 20 8.1 10.1 14:31 6.8 00:01 10.2 0.0 1.8 0.2 12.9 2:51 NNW 21 8.3 8.7 23:36 7.9 12:54 10.0 0.0 41.7 0.3 24.1 8:59 NNW 22 9.7 10.5 21:27 8.7 00:01 8.6 0.0 81.8 0.3 14.5 16:51 NNW 23 10.6 11.1 15:52 10.2 00:01 7.7 0.0 25.9 0.5 14.5 4:13 NNW 24 10.8 11.6 14:18 10.3 23:43 7.5 0.0 26.4 0.8 19.3 21:17 NNW 25 10.2 11.3 10:54 9.4 23:00 8.1 0.0 53.3 2.3 25.7 15:37 NW 26 9.8 15.5 14:35 4.4 23:57 8.5 0.0 0.3 0.4 16.1 1:30 WNW 27 6.9 13.6 15:22 3.8 04:47 11.4 0.0 0.3 0.3 11.3 12:59 WNW 28 8.6 13.2 13:37 5.4 00:01 9.7 0.0 0.0 2.6 32.2 20:55 SE 29 3.2 6.6 00:01 -2.6 23:53 15.1 0.0 0.0 1.3 30.6 0:16 SSE 30 0.6 9.2 15:13 -4.7 07:53 17.7 0.0 0.3 0.2 9.7 13:11 SE ------------------------------------------------------------------------------------- 7.0 15.9 12 -4.7 30 351.4 0.0 264.4 0.6 32.2 28 SE Max >= 32.0: 0 Max <= 0.0: 0 Min <= 0.0: 12 Min <= -18.0: 0 Max Rain: 81.79 ON 22/11/16 Days of Rain: 19 (> .2 mm) 8 (> 2 mm) 5 (> 20 mm) Heat Base: 18.3 Cool Base: 18.3 Method: Integration