NOAA-Style Climate Reports
Dati NOAA
Dati NOAA
MONTHLY CLIMATOLOGICAL SUMMARY for June 16 NAME: VP2 CITY: Besozzo STATE: ELEV: 300 m LAT: 45° 49' 59" N LONG: 8° 40' 01" E TEMPERATURE (°C), RAIN (mm), WIND SPEED (km/h) HEAT COOL AVG MEAN DEG DEG WIND DOM DAY TEMP HIGH TIME LOW TIME DAYS DAYS RAIN SPEED HIGH TIME DIR ------------------------------------------------------------------------------------ 01 16.8 22.1 17:09 11.5 06:06 2.3 0.8 8.6 1.3 17.7 11:49 SSE 02 17.0 19.9 18:42 14.5 03:58 1.6 0.3 1.2 0.6 14.5 14:26 W 03 18.6 23.7 17:58 15.2 05:42 1.0 1.4 0.0 0.8 29.0 11:50 W 04 17.5 22.7 17:33 14.6 08:24 1.5 0.8 12.2 1.0 17.7 13:40 SW 05 17.8 25.7 17:03 12.7 05:06 1.9 1.5 0.2 1.1 24.1 13:43 SE 06 20.2 26.9 17:38 13.6 06:02 1.2 3.1 1.2 0.9 14.5 14:08 SSW 07 20.4 27.9 15:58 13.9 06:17 1.0 3.1 0.0 1.1 30.6 21:44 W 08 20.1 27.6 14:48 14.1 05:27 0.8 2.7 0.0 1.0 20.9 21:24 SSE 09 19.2 25.9 18:03 14.2 06:07 1.0 1.9 0.0 1.7 25.7 18:50 SSW 10 19.4 26.3 15:39 12.1 06:23 1.5 2.6 0.0 1.0 22.5 13:59 S 11 19.0 23.7 19:20 15.8 07:47 0.7 1.4 10.6 0.4 16.1 04:20 W 12 19.2 24.3 17:04 14.0 05:58 1.2 2.0 0.0 1.1 19.3 12:12 SE 13 19.8 26.2 13:41 14.4 04:39 1.0 2.5 1.2 0.8 16.1 16:01 SW 14 18.2 24.2 14:14 14.2 06:03 1.3 1.2 12.2 1.4 30.6 22:10 W 15 17.5 24.1 16:52 11.8 05:24 2.2 1.4 5.2 0.8 16.1 17:53 SSE 16 16.6 18.5 11:23 15.0 05:28 1.7 0.0 29.6 0.9 20.9 22:02 SE 17 17.2 23.8 14:35 11.6 06:35 2.1 1.0 28.4 1.6 24.1 17:08 NW 18 17.1 23.1 17:32 11.8 06:21 2.2 1.0 0.2 0.9 24.1 18:27 SW 19 18.2 25.9 16:46 13.2 04:40 1.8 1.7 0.0 1.3 33.8 16:46 ESE 20 21.8 28.1 14:36 13.8 02:17 0.7 4.1 0.0 1.7 17.7 14:31 SW 21 22.3 27.8 16:37 16.6 05:47 0.4 4.3 0.0 0.7 14.5 15:22 S 22 23.4 31.4 17:33 14.4 06:00 0.7 5.8 0.0 0.6 16.1 15:45 WSW 23 25.3 33.1 15:55 16.6 06:11 0.2 7.2 0.0 0.8 16.1 15:29 WSW 24 25.5 33.2 15:21 18.1 05:46 0.0 7.7 0.0 0.7 14.5 14:19 WSW 25 22.1 27.4 17:48 17.5 10:50 0.0 3.9 13.4 2.2 37.0 08:31 NW 26 22.6 29.1 15:29 15.7 06:01 0.2 4.6 2.0 1.9 29.0 21:47 NE 27 24.0 30.6 17:06 16.8 02:11 0.1 5.7 0.0 1.8 25.7 10:17 NE 28 21.8 29.1 16:38 12.9 05:47 1.2 4.6 0.0 1.0 16.1 15:48 WSW 29 23.6 30.3 15:33 17.2 03:10 0.1 5.4 0.0 0.9 19.3 14:56 WSW 30 22.7 29.5 17:27 18.6 06:22 0.0 4.4 5.4 0.9 35.4 20:02 WNW ------------------------------------------------------------------------------------- 20.2 33.2 24 11.5 1 31.7 88.2 131.6 1.1 37.0 25 SW Max >= 32.0: 2 Max <= 0.0: 0 Min <= 0.0: 0 Min <= -18.0: 0 Max Rain: 29.60 ON 16/06/16 Days of Rain: 13 (> .2 mm) 10 (> 2 mm) 2 (> 20 mm) Heat Base: 18.3 Cool Base: 18.3 Method: Integration