NOAA-Style Climate Reports
Dati NOAA
Dati NOAA
MONTHLY CLIMATOLOGICAL SUMMARY for APR. 2015 NAME: Monischeva CITY: Besozzo STATE: Italia ELEV: 300 m LAT: 45° 50' 46" N LONG: 8° 40' 02" E TEMPERATURE (°C), RAIN (mm), WIND SPEED (km/hr) HEAT COOL AVG MEAN DEG DEG WIND DOM DAY TEMP HIGH TIME LOW TIME DAYS DAYS RAIN SPEED HIGH TIME DIR ------------------------------------------------------------------------------------ 1 14.1 17.0 15:39 10.1 00:00 4.2 0.0 0.0 11.7 59.5 6:38 NW 2 12.2 19.6 17:20 0.8 07:43 6.2 0.1 0.0 2.4 24.1 22:16 NNW 3 12.5 16.9 15:47 5.4 05:52 5.8 0.0 0.0 2.4 20.9 9:45 SE 4 10.6 14.5 13:43 8.0 07:59 7.8 0.0 0.2 2.9 19.3 9:40 SE 5 7.7 11.4 13:50 2.8 00:00 10.6 0.0 0.0 2.4 24.1 12:09 SE 6 8.5 17.2 17:02 -0.3 05:24 9.8 0.0 0.0 4.0 38.6 18:43 E 7 10.8 17.7 14:54 3.6 00:00 7.5 0.0 0.0 3.7 24.1 1:31 E 8 10.1 21.9 15:49 -1.4 06:59 8.7 0.5 0.0 1.1 16.1 14:15 S 9 12.2 21.7 16:11 1.6 07:00 6.8 0.6 0.0 1.3 20.9 14:14 S 10 12.6 22.1 15:25 2.7 07:06 6.4 0.7 0.0 1.2 19.3 18:09 S 11 13.3 20.7 15:39 6.7 02:48 5.3 0.4 0.0 1.4 19.3 12:16 SSE 12 14.2 23.1 16:27 4.8 07:16 5.3 1.2 0.0 1.6 20.9 15:48 SSW 13 16.1 26.1 15:37 5.7 07:11 4.5 2.4 0.0 1.3 17.7 14:35 SSW 14 18.2 27.2 15:51 9.0 02:39 3.0 2.8 0.0 1.8 20.9 8:52 W 15 15.9 25.7 14:40 4.6 06:59 4.6 2.2 0.0 1.3 17.7 15:03 SSW 16 14.8 21.2 12:50 6.6 07:00 4.1 0.6 0.0 1.5 19.3 12:13 S 17 13.2 17.0 16:56 9.6 00:00 5.1 0.0 4.2 0.4 16.1 5:41 S 18 12.9 20.6 12:41 5.9 06:00 5.7 0.4 1.6 4.2 53.1 20:40 S 19 10.9 16.6 15:21 6.0 23:46 7.4 0.0 0.0 1.9 29.0 0:03 SE 20 11.7 20.9 16:29 1.3 06:59 7.1 0.4 0.2 1.3 17.7 12:38 SSW 21 14.7 24.3 14:21 3.9 06:51 5.4 1.8 0.0 1.3 22.5 15:38 S 22 16.4 26.7 14:48 5.3 06:46 4.5 2.6 0.0 1.3 17.7 15:36 SSW 23 15.1 22.4 16:12 7.1 06:46 4.1 0.8 0.0 2.8 22.5 11:29 S 24 15.1 22.1 14:29 5.4 07:02 4.3 1.1 0.0 3.0 22.5 13:37 SSE 25 13.3 16.9 00:01 11.2 22:49 5.0 0.0 3.2 1.0 17.7 14:21 SSE 26 12.9 16.3 17:55 11.2 00:01 5.4 0.0 15.8 0.3 17.7 18:52 SSE 27 11.5 12.6 00:01 10.8 23:42 6.8 0.0 68.8 0.8 17.7 2:44 SSW 28 15.4 23.9 14:56 10.1 06:54 3.6 0.7 1.2 3.1 43.5 21:10 SW 29 14.4 20.4 14:01 6.2 06:59 4.1 0.2 29.8 3.4 32.2 0:36 SE 30 13.4 19.4 16:03 8.1 07:11 4.9 0.1 11.8 1.7 19.3 16:05 SE ------------------------------------------------------------------------------------- 13.1 27.2 14 -1.4 8 174.1 19.6 136.8 2.3 59.5 1 S Max >= 32.0: 0 Max <= 0.0: 0 Min <= 0.0: 2 Min <= -18.0: 0 Max Rain: 68.81 ON 27/04/15 Days of Rain: 10 (> .2 mm) 6 (> 2 mm) 2 (> 20 mm) Heat Base: 18.3 Cool Base: 18.3 Method: Integration