NOAA-Style Climate Reports
Dati NOAA
Dati NOAA
MONTHLY CLIMATOLOGICAL SUMMARY for December 13 NAME: VP2 CITY: Besozzo STATE: ELEV: 300 m LAT: 45° 49' 59" N LONG: 8° 40' 01" E TEMPERATURE (°C), RAIN (mm), WIND SPEED (km/h) HEAT COOL AVG MEAN DEG DEG WIND DOM DAY TEMP HIGH TIME LOW TIME DAYS DAYS RAIN SPEED HIGH TIME DIR ------------------------------------------------------------------------------------ 01 0.9 9.9 13:47 -4.0 07:03 17.3 0.0 0.4 0.8 11.3 10:27 S 02 1.3 11.5 13:59 -4.5 08:26 16.9 0.0 0.0 0.3 11.3 14:46 S 03 0.7 10.2 13:45 -5.4 08:07 17.6 0.0 0.2 0.2 8.0 13:29 S 04 0.9 12.2 14:32 -6.3 07:31 17.4 0.0 0.0 0.2 8.0 11:02 S 05 2.4 13.7 15:07 -3.8 05:37 15.8 0.0 0.2 0.2 9.7 10:31 SE 06 5.6 18.2 14:37 -3.0 06:57 12.7 0.0 0.2 2.6 40.2 15:25 NE 07 4.3 15.6 14:26 -2.5 08:17 14.0 0.0 0.0 1.1 14.5 13:04 NW 08 1.2 10.2 13:20 -4.5 08:09 17.0 0.0 0.0 0.3 9.7 14:24 W 09 0.5 8.7 15:19 -4.2 03:05 17.7 0.0 0.2 0.2 8.0 11:43 W 10 1.7 11.7 14:58 -4.4 06:44 16.6 0.0 0.2 0.1 8.0 01:20 W 11 1.3 11.4 14:59 -4.6 07:12 16.9 0.0 0.2 0.1 8.0 10:29 W 12 0.8 10.2 15:17 -4.6 08:20 17.4 0.0 0.2 0.1 6.4 11:27 W 13 1.5 12.2 13:43 -4.8 08:08 16.8 0.0 0.2 0.1 6.4 12:00 W 14 1.9 12.6 14:57 -4.4 05:40 16.4 0.0 0.0 0.3 11.3 13:03 W 15 1.2 11.8 14:38 -4.3 07:36 17.1 0.0 0.2 0.3 9.7 03:39 WNW 16 0.7 10.6 14:06 -5.3 06:48 17.6 0.0 0.0 0.2 9.7 11:41 WNW 17 1.1 12.1 15:11 -5.6 08:04 17.2 0.0 0.2 0.1 6.4 10:08 WNW 18 0.6 8.7 13:51 -3.8 03:03 17.6 0.0 0.0 0.1 8.0 13:35 WNW 19 2.1 3.7 14:04 -2.2 01:05 16.1 0.0 22.4 0.5 16.1 18:14 NW 20 3.4 4.6 14:59 2.1 03:04 14.9 0.0 14.4 0.1 8.0 09:27 WNW 21 4.3 6.0 15:29 1.6 08:21 14.0 0.0 0.6 0.1 8.0 05:09 WNW 22 6.2 7.3 13:11 5.2 00:15 12.1 0.0 1.0 0.1 6.4 19:19 WNW 23 7.2 9.5 15:42 5.8 07:27 11.1 0.0 4.2 0.2 9.7 10:37 WNW 24 6.7 7.2 00:00 6.2 23:30 11.6 0.0 31.8 0.3 11.3 03:46 WNW 25 5.3 6.4 02:15 4.3 09:20 13.0 0.0 147.6 4.9 29.0 22:40 NW 26 7.3 10.3 23:57 4.3 09:00 12.4 0.0 97.2 5.1 38.6 16:50 NW 27 7.7 13.3 12:49 0.2 23:42 10.6 0.0 0.0 2.7 22.5 00:54 NNW 28 4.0 5.8 12:37 0.6 00:58 14.3 0.0 23.4 1.3 20.9 23:01 NNE 29 4.5 10.4 13:58 -0.9 23:29 13.7 0.0 2.0 1.4 20.9 00:53 N 30 3.5 11.1 14:08 -1.8 08:19 14.8 0.0 0.0 1.5 14.5 12:55 WSW 31 1.1 9.1 12:57 -3.7 08:08 17.2 0.0 0.2 0.3 12.9 13:23 WSW ------------------------------------------------------------------------------------- 2.8 18.2 6 -6.3 4 475.6 0.0 347.2 0.6 40.2 6 WNW Max >= 32.0: 0 Max <= 0.0: 0 Min <= 0.0: 23 Min <= -18.0: 0 Max Rain: 147.60 ON 25/12/13 Days of Rain: 11 (> .2 mm) 8 (> 2 mm) 5 (> 20 mm) Heat Base: 18.3 Cool Base: 18.3 Method: Integration