NOAA-Style Climate Reports
Dati NOAA
Dati NOAA
MONTHLY CLIMATOLOGICAL SUMMARY for February 13 NAME: VP2 CITY: Besozzo STATE: ELEV: 300 m LAT: 45° 49' 59" N LONG: 8° 40' 01" E TEMPERATURE (°C), RAIN (mm), WIND SPEED (km/h) HEAT COOL AVG MEAN DEG DEG WIND DOM DAY TEMP HIGH TIME LOW TIME DAYS DAYS RAIN SPEED HIGH TIME DIR ------------------------------------------------------------------------------------ 01 2.2 9.8 12:00 -2.5 07:12 16.1 0.0 1.2 1.8 19.3 12:28 SSE 02 6.5 11.2 13:31 2.6 03:03 11.7 0.0 2.0 4.6 53.1 16:17 NW 03 7.5 10.9 16:10 -0.9 23:58 10.8 0.0 0.0 4.9 46.7 02:04 N 04 2.5 12.0 14:19 -4.3 07:39 15.7 0.0 0.0 0.8 14.5 13:22 E 05 1.0 5.0 16:05 -4.2 08:10 17.3 0.0 1.4 0.2 9.7 22:25 E 06 3.4 10.9 16:51 -1.7 08:34 14.8 0.0 0.2 1.4 25.7 21:44 SE 07 4.1 10.6 11:57 -2.6 07:53 14.2 0.0 0.2 2.4 33.8 12:59 NW 08 2.7 8.3 15:03 -5.1 07:48 15.5 0.0 0.0 1.3 19.3 13:27 WNW 09 3.4 8.0 12:04 -0.8 08:19 14.8 0.0 0.0 2.8 29.0 13:00 NNW 10 0.4 5.4 14:20 -4.4 23:02 17.9 0.0 0.0 1.8 22.5 01:21 W 11 -1.1 0.2 21:14 -3.0 00:00 19.4 0.0 1.2 0.5 11.3 14:26 SSW 12 1.3 5.7 14:45 -1.7 23:59 17.0 0.0 3.2 2.0 19.3 13:25 SE 13 2.7 13.2 14:46 -4.4 07:46 15.6 0.0 0.2 1.6 29.0 15:50 NE 14 1.7 10.1 14:39 -6.4 07:24 16.5 0.0 0.0 0.6 14.5 13:55 E 15 2.3 11.2 14:19 -3.9 07:50 16.0 0.0 0.0 0.8 19.3 14:57 SSE 16 1.4 9.7 14:34 -5.6 07:54 16.9 0.0 0.0 2.0 19.3 14:38 ESE 17 1.3 5.7 13:51 -2.3 01:52 17.0 0.0 0.8 1.0 17.7 15:46 SSW 18 2.6 8.9 14:49 -2.1 23:57 15.6 0.0 0.0 1.6 16.1 13:27 S 19 1.4 10.0 15:37 -5.0 06:54 16.9 0.0 0.0 0.7 12.9 12:58 SE 20 2.8 10.2 15:13 -3.3 06:13 15.5 0.0 0.0 1.7 17.7 17:10 S 21 0.9 4.0 00:00 -0.7 23:34 17.3 0.0 12.4 0.1 11.3 00:06 S 22 -0.6 2.4 15:06 -3.9 23:58 18.9 0.0 5.6 0.9 12.9 13:31 S 23 -0.3 4.9 15:39 -5.3 04:02 18.6 0.0 0.4 0.8 11.3 14:18 S 24 0.3 0.9 12:25 -0.1 07:17 17.9 0.0 7.4 1.3 16.1 06:55 SSW 25 0.7 2.8 13:12 -0.2 02:23 17.6 0.0 25.4 1.2 14.5 12:24 SW 26 3.5 10.7 15:05 -2.2 06:51 14.8 0.0 2.0 1.2 17.7 12:52 SW 27 3.0 9.3 15:23 -3.1 06:12 15.3 0.0 0.0 1.3 16.1 15:58 SSW 28 5.9 11.9 14:08 2.7 04:44 12.4 0.0 0.2 0.6 12.9 14:11 SSE ------------------------------------------------------------------------------------- 2.3 13.2 13 -6.4 14 448.1 0.0 63.8 1.5 53.1 2 SSW Max >= 32.0: 0 Max <= 0.0: 0 Min <= 0.0: 26 Min <= -18.0: 0 Max Rain: 25.40 ON 25/02/13 Days of Rain: 12 (> .2 mm) 7 (> 2 mm) 1 (> 20 mm) Heat Base: 18.3 Cool Base: 18.3 Method: Integration