NOAA-Style Climate Reports
Dati NOAA
Dati NOAA
MONTHLY CLIMATOLOGICAL SUMMARY for January 13 NAME: VP2 CITY: Besozzo STATE: ELEV: 300 m LAT: 45° 49' 59" N LONG: 8° 40' 01" E TEMPERATURE (°C), RAIN (mm), WIND SPEED (km/h) HEAT COOL AVG MEAN DEG DEG WIND DOM DAY TEMP HIGH TIME LOW TIME DAYS DAYS RAIN SPEED HIGH TIME DIR ------------------------------------------------------------------------------------ 01 0.3 6.8 14:16 -4.8 07:14 18.0 0.0 0.8 0.1 6.4 11:57 WSW 02 1.9 5.1 15:21 -2.4 23:52 16.3 0.0 1.4 0.1 11.3 13:51 WSW 03 0.8 10.1 15:25 -4.0 08:19 17.5 0.0 0.4 0.2 9.7 11:29 SSW 04 4.0 16.3 13:58 -2.9 04:50 14.3 0.0 0.0 0.3 11.3 14:07 SSW 05 6.6 19.7 15:28 -1.1 08:17 11.7 0.0 0.0 0.4 9.7 00:38 SSW 06 4.8 14.1 12:39 0.0 22:41 13.5 0.0 0.0 0.3 11.3 21:58 SSW 07 3.9 14.4 14:11 -2.3 08:17 14.3 0.0 0.2 0.8 11.3 00:23 SSW 08 3.9 9.1 15:04 -0.7 03:30 14.4 0.0 0.2 0.2 11.3 09:51 SSW 09 4.0 5.1 14:55 3.0 00:03 14.3 0.0 0.0 0.2 11.3 13:28 SSW 10 3.1 7.1 14:23 -1.3 23:58 15.2 0.0 0.0 0.1 9.7 12:59 SSW 11 1.7 8.4 15:05 -1.9 08:10 16.6 0.0 0.2 0.5 11.3 13:36 SSW 12 1.9 3.8 16:31 -0.4 10:19 16.4 0.0 0.0 0.8 14.5 11:09 SSE 13 2.3 5.2 15:21 -1.4 23:36 16.0 0.0 0.2 0.2 11.3 00:26 SE 14 1.0 4.5 14:41 -2.2 06:55 17.3 0.0 0.2 0.4 12.9 00:02 SW 15 0.6 2.7 12:46 -2.3 06:05 17.7 0.0 2.4 0.5 17.7 14:07 WSW 16 4.1 5.8 16:16 0.5 00:15 14.2 0.0 0.0 3.2 40.2 21:29 NW 17 4.8 8.9 14:48 2.4 22:57 13.5 0.0 0.0 5.4 38.6 04:32 NW 18 1.5 8.8 15:03 -4.8 08:15 16.8 0.0 0.0 0.6 14.5 04:39 NE 19 -0.2 3.7 14:26 -3.4 05:24 18.4 0.0 0.0 0.4 14.5 08:12 E 20 0.8 1.9 15:04 -0.2 00:00 17.5 0.0 22.4 0.1 6.4 11:09 E 21 3.3 5.5 16:43 1.4 00:10 14.9 0.0 4.6 0.1 9.7 06:04 E 22 3.7 9.7 15:31 -1.4 23:38 14.6 0.0 0.0 1.3 16.1 13:54 E 23 1.0 6.7 15:24 -3.7 07:58 17.3 0.0 0.2 0.1 9.7 23:26 E 24 3.2 11.2 15:07 -2.1 08:07 15.1 0.0 0.0 0.5 12.9 10:11 E 25 0.9 9.8 14:23 -5.4 08:00 17.3 0.0 0.2 1.2 19.3 16:01 ESE 26 2.1 7.3 15:21 -3.0 23:59 16.1 0.0 0.0 0.5 12.9 12:26 SSE 27 -0.5 6.1 13:40 -5.7 07:09 18.8 0.0 0.0 0.3 11.3 12:33 S 28 2.0 4.5 14:23 -0.1 02:24 16.3 0.0 1.0 2.2 14.5 09:52 S 29 1.8 9.0 15:34 -2.9 06:48 16.5 0.0 0.2 0.4 9.7 11:27 SSE 30 2.8 12.1 15:19 -3.2 05:34 15.5 0.0 0.0 0.8 16.1 14:33 SSE 31 5.5 18.0 16:34 -2.6 08:02 12.7 0.0 0.2 0.5 12.9 14:37 SSE ------------------------------------------------------------------------------------- 2.5 19.7 5 -5.7 27 489.0 0.0 34.8 0.7 40.2 16 S Max >= 32.0: 0 Max <= 0.0: 0 Min <= 0.0: 27 Min <= -18.0: 0 Max Rain: 22.40 ON 20/01/13 Days of Rain: 7 (> .2 mm) 3 (> 2 mm) 1 (> 20 mm) Heat Base: 18.3 Cool Base: 18.3 Method: Integration