NOAA-Style Climate Reports
Dati NOAA
Dati NOAA
MONTHLY CLIMATOLOGICAL SUMMARY for NOV. 2012 NAME: Meteo Besozzo CITY: Besozzo STATE: Italia ELEV: 300 LAT: :45: 50 :46 N LONG: : 08 :40::02 E HEAT COOL AVG MEAN DEG DEG WIND DOM DAY TEMP HIGH TIME LOW TIME DAYS DAYS RAIN SPEED HIGH TIME DIR ------------------------------------------------------------------------------------ 01 8.4 13.4 13.55 5.4 21.10 9.8 0.0 10.0 0.5 14.5 1.07 ESE 02 10.6 16.4 13.55 6.9 00.05 7.7 0.0 0.0 0.6 14.5 14.00 ESE 03 10.8 13.4 13.30 9.1 00.05 7.5 0.0 0.0 0.3 12.9 15.50 SSE 04 10.4 11.4 13.00 9.9 03.20 7.8 0.0 26.0 0.1 8.0 12.10 S 05 11.8 19.5 15.00 7.4 21.04 6.5 0.0 1.2 0.5 14.5 12.25 SW 06 9.4 17.1 16.31 0.8 07.17 8.9 0.0 0.0 0.6 19.3 20.02 SW 07 8.4 17.0 14.26 1.4 23.48 10.3 0.0 0.0 0.2 12.9 1.47 N 08 5.2 13.5 13.00 -1.2 06.43 13.6 0.0 0.0 0.2 8.0 12.56 N 09 6.8 15.2 14.10 -0.4 07.31 11.5 0.0 0.0 0.1 6.4 17.23 WNW 10 7.9 8.5 00.01 6.8 23.50 10.6 0.0 64.2 0.2 17.7 23.41 WNW 11 7.8 9.3 16.15 6.7 00.10 10.5 0.0 49.2 0.2 20.9 0.04 WNW 12 10.1 17.3 14.10 6.1 02.53 8.6 0.0 0.2 0.2 11.3 11.29 WNW 13 9.4 17.3 14.55 4.4 05.05 8.8 0.0 0.4 0.2 9.7 14.35 WNW 14 10.8 15.6 14.10 7.7 05.30 7.5 0.0 0.0 0.6 17.7 14.55 S 15 8.8 12.7 14.25 4.1 07.15 9.5 0.0 0.0 0.5 11.3 12.50 SSE 16 7.8 12.2 13.25 1.0 23.57 10.9 0.0 0.0 0.3 12.9 13.44 S 17 3.7 9.3 14.28 -0.6 03.19 14.6 0.0 0.0 0.1 9.7 13.14 S 18 3.2 10.2 13.48 -1.0 06.22 15.0 0.0 0.4 0.2 9.7 13.23 S 19 5.7 15.4 15.10 -0.2 00.01 12.6 0.0 0.2 0.5 11.3 14.03 S 20 6.3 16.7 15.17 -0.6 07.36 12.0 0.0 0.2 0.2 9.7 12.14 S 21 5.7 14.1 14.30 0.4 04.33 12.6 0.0 0.0 0.3 9.7 10.24 S 22 7.5 13.5 14.27 3.5 00.01 11.2 0.0 0.0 0.2 8.0 16.30 N 23 9.2 14.7 13.46 6.4 23.36 9.4 0.0 0.0 0.2 11.3 14.13 S 24 7.7 13.8 13.52 1.7 08.17 10.6 0.0 0.0 0.1 6.4 12.03 S 25 7.8 13.9 12.39 2.3 07.46 10.5 0.0 0.0 0.1 9.7 13.07 SE 26 8.2 8.9 13.36 6.6 00.01 10.1 0.0 20.2 0.1 6.4 20.52 SE 27 7.7 9.1 02.52 6.1 23.57 10.6 0.0 109.0 2.1 20.9 19.22 NW 28 6.9 7.9 22.27 6.1 00.01 11.3 0.0 55.4 5.3 25.7 15.40 WNW 29 8.6 12.3 15.53 6.1 08.52 9.7 0.0 24.6 2.7 33.8 18.22 WNW 30 8.5 12.8 14.25 5.7 23.59 9.8 0.0 0.0 2.3 29.0 1.24 NW ------------------------------------------------------------------------------------- 8.0 19.5 5 -1.2 8 310.1 0.0 361.2 0.6 33.8 29 WNW Min <= 0: 6 Max Rain: 90.4 ON 4-11-12 Days of Rain: 7 (> .2mm) 3 (> 2mm) 3 (> 20mm)