NOAA-Style Climate Reports
Dati NOAA
Dati NOAA
MONTHLY CLIMATOLOGICAL SUMMARY for July 12 NAME: VP2 CITY: Besozzo STATE: ELEV: 300 m LAT: 45° 49' 59" N LONG: 8° 40' 01" E TEMPERATURE (°C), RAIN (mm), WIND SPEED (km/h) HEAT COOL AVG MEAN DEG DEG WIND DOM DAY TEMP HIGH TIME LOW TIME DAYS DAYS RAIN SPEED HIGH TIME DIR ------------------------------------------------------------------------------------ 01 25.4 32.0 12:52 18.0 06:22 0.0 7.1 0.0 0.7 16.1 15:30 SSW 02 24.1 29.1 16:19 18.9 23:55 0.0 5.8 0.6 1.3 22.5 16:18 W 03 23.1 30.6 17:33 16.8 06:18 0.3 5.0 0.0 1.4 17.7 16:49 SW 04 21.8 29.3 14:40 17.1 06:21 0.1 3.6 19.8 0.8 19.3 14:58 WSW 05 23.4 31.2 17:47 15.7 06:04 0.3 5.4 0.0 1.1 17.7 16:57 WSW 06 20.8 27.1 13:08 17.1 23:43 0.1 2.6 15.2 0.8 25.7 14:04 W 07 21.9 29.0 17:51 16.8 02:05 0.4 4.0 9.0 0.9 16.1 15:11 W 08 23.3 30.6 18:12 17.8 02:15 0.0 5.0 0.0 0.8 14.5 15:27 SE 09 24.2 31.0 16:48 16.7 05:56 0.2 6.1 0.0 1.3 20.9 15:55 SSE 10 22.6 28.2 18:07 18.0 22:21 0.0 4.3 3.8 1.8 38.6 20:20 N 11 22.2 29.2 17:39 15.2 05:56 0.6 4.5 0.2 1.2 16.1 12:10 SE 12 23.0 30.5 17:15 14.7 06:28 0.5 5.2 0.2 0.8 12.9 13:23 S 13 22.9 28.6 16:54 18.7 05:24 0.0 4.6 2.4 1.4 16.1 17:30 SE 14 21.3 27.4 16:30 17.1 20:28 0.1 3.1 51.2 1.0 22.5 19:55 SSE 15 22.5 29.0 15:43 15.7 06:08 0.5 4.7 0.2 1.1 19.3 16:10 SW 16 23.1 28.9 17:48 15.3 23:58 0.1 4.9 0.0 1.7 24.1 00:35 WNW 17 21.1 30.1 18:42 11.3 06:20 1.8 4.6 0.0 1.0 16.1 19:18 N 18 23.1 31.5 17:05 13.6 06:31 0.7 5.5 0.0 1.1 17.7 18:10 S 19 23.1 31.0 17:28 15.0 06:09 0.7 5.5 0.0 1.0 16.1 14:12 SE 20 22.5 27.6 16:26 16.3 06:09 0.3 4.5 4.0 3.0 20.9 12:40 ESE 21 21.9 27.8 14:21 16.3 06:03 0.3 3.9 3.2 1.3 19.3 16:31 SSW 22 20.9 29.5 16:37 11.2 06:56 1.3 3.9 0.0 2.3 32.2 17:12 NNE 23 18.7 27.3 17:22 9.9 05:42 2.4 2.8 0.0 1.3 17.7 16:13 SSE 24 22.1 30.1 14:52 12.5 05:43 1.4 5.2 0.2 1.9 19.3 13:26 SSW 25 24.2 31.8 16:49 16.1 06:07 0.3 6.2 0.0 1.6 32.2 20:50 SE 26 24.4 32.1 16:45 16.7 06:17 0.2 6.3 0.0 1.2 16.1 12:58 SSE 27 25.0 33.9 16:01 17.9 06:44 0.0 6.7 0.0 1.0 29.0 18:54 WSW 28 23.5 30.7 16:09 19.2 23:47 0.0 5.2 1.0 1.3 22.5 19:42 W 29 23.9 31.7 16:08 16.1 06:01 0.3 5.9 0.2 1.2 17.7 16:31 WSW 30 23.4 31.7 18:09 15.4 06:15 0.4 5.5 0.0 1.3 16.1 12:56 SE 31 23.5 30.5 17:31 17.8 03:16 0.0 5.2 6.6 0.8 14.5 15:11 S ------------------------------------------------------------------------------------- 22.8 33.9 27 9.9 23 13.6 152.5 117.8 1.2 38.6 10 S Max >= 32.0: 3 Max <= 0.0: 0 Min <= 0.0: 0 Min <= -18.0: 0 Max Rain: 51.20 ON 14/07/12 Days of Rain: 11 (> .2 mm) 9 (> 2 mm) 1 (> 20 mm) Heat Base: 18.3 Cool Base: 18.3 Method: Integration