NOAA-Style Climate Reports
Dati NOAA
Dati NOAA
MONTHLY CLIMATOLOGICAL SUMMARY for April 12 NAME: VP2 CITY: Besozzo STATE: ELEV: 300 m LAT: 45° 49' 59" N LONG: 8° 40' 01" E TEMPERATURE (°C), RAIN (mm), WIND SPEED (km/h) HEAT COOL AVG MEAN DEG DEG WIND DOM DAY TEMP HIGH TIME LOW TIME DAYS DAYS RAIN SPEED HIGH TIME DIR ------------------------------------------------------------------------------------ 01 12.2 20.6 12:04 3.8 07:14 6.2 0.1 0.0 7.6 37.0 13:20 SE 02 11.2 13.6 16:06 8.7 07:23 7.1 0.0 0.0 1.0 14.5 00:30 SE 03 11.2 14.4 17:22 9.1 04:02 7.0 0.0 1.0 0.6 11.3 14:31 SSW 04 9.6 10.3 15:40 8.9 05:37 8.7 0.0 48.5 0.8 14.5 15:41 SW 05 10.8 14.3 15:46 9.2 03:21 7.5 0.0 18.6 0.8 16.1 03:27 WSW 06 12.3 19.4 16:28 6.3 07:27 6.0 0.0 0.0 2.2 20.9 16:59 S 07 12.6 16.6 12:44 7.4 23:49 5.7 0.0 9.8 2.1 29.0 18:55 SE 08 9.7 15.8 12:29 2.9 06:51 8.6 0.0 0.4 4.0 41.8 12:54 NE 09 6.9 13.2 17:20 -0.4 07:13 11.4 0.0 0.0 2.6 20.9 16:20 SSE 10 8.1 10.2 16:17 5.6 23:40 10.2 0.0 9.0 2.2 16.1 01:45 SE 11 5.5 9.8 18:14 2.4 23:39 12.7 0.0 48.6 1.4 16.1 00:39 WNW 12 8.7 17.0 16:14 -0.2 03:33 9.5 0.0 2.0 2.9 22.5 14:51 SE 13 9.8 15.5 16:37 6.8 07:58 8.5 0.0 27.4 3.1 32.2 19:14 WNW 14 9.8 14.7 13:38 7.7 06:35 8.5 0.0 13.0 1.8 20.9 14:38 E 15 8.5 10.1 15:14 7.4 07:16 9.8 0.0 17.6 0.4 11.3 16:50 NNW 16 10.4 14.9 18:21 7.2 04:11 7.9 0.0 0.8 1.7 24.1 23:44 SSW 17 13.2 17.5 16:46 8.3 07:27 5.1 0.0 0.0 3.9 24.1 00:27 WSW 18 7.9 11.4 01:28 4.9 23:59 10.3 0.0 14.4 2.5 29.0 11:13 WNW 19 6.3 9.1 14:47 2.1 03:40 12.0 0.0 3.8 0.6 17.7 16:52 NW 20 9.8 14.9 17:34 4.9 23:58 8.5 0.0 0.2 1.7 20.9 16:11 SW 21 9.5 17.6 15:43 0.7 06:47 8.8 0.0 7.4 3.1 32.2 19:22 SE 22 13.1 20.1 14:56 8.4 06:59 5.2 0.1 2.2 2.2 19.3 15:31 WNW 23 9.1 14.4 16:35 5.8 03:34 9.2 0.0 32.0 1.5 20.9 17:49 ESE 24 9.9 16.0 15:27 3.8 09:28 8.4 0.0 74.0 2.7 40.2 07:16 WNW 25 10.4 16.1 16:12 2.7 06:51 7.8 0.0 0.0 1.9 24.1 16:18 S 26 12.9 17.2 15:36 9.8 06:08 5.4 0.0 0.0 1.3 17.7 14:44 W 27 16.4 24.6 16:29 8.6 02:12 3.5 1.6 0.0 1.6 17.7 11:46 WSW 28 18.0 26.3 14:50 7.9 06:47 3.1 2.7 0.0 2.8 29.0 15:37 SSE 29 15.5 19.6 16:52 12.9 23:57 2.9 0.1 6.6 1.0 17.7 05:51 WSW 30 13.1 17.9 11:24 10.4 06:41 5.2 0.0 27.0 0.8 19.3 00:25 W ------------------------------------------------------------------------------------- 10.7 26.3 28 -0.4 9 230.7 4.6 364.3 2.1 41.8 8 SW Max >= 32.0: 0 Max <= 0.0: 0 Min <= 0.0: 2 Min <= -18.0: 0 Max Rain: 74.00 ON 24/04/12 Days of Rain: 20 (> .2 mm) 17 (> 2 mm) 6 (> 20 mm) Heat Base: 18.3 Cool Base: 18.3 Method: Integration