NOAA-Style Climate Reports
Dati NOAA
Dati NOAA
MONTHLY CLIMATOLOGICAL SUMMARY for August 11 NAME: VP2 CITY: Besozzo STATE: ELEV: 305 m LAT: 45° 50' 46" N LONG: 8° 40' 01" E TEMPERATURE (°C), RAIN (mm), WIND SPEED (km/h) HEAT COOL AVG MEAN DEG DEG WIND DOM DAY TEMP HIGH TIME LOW TIME DAYS DAYS RAIN SPEED HIGH TIME DIR ------------------------------------------------------------------------------------ 01 22.0 28.9 17:32 15.2 06:27 0.7 4.4 0.0 1.4 16.1 12:26 SSW 02 22.7 29.3 15:52 16.5 06:26 0.3 4.6 0.0 1.3 14.5 15:00 S 03 22.0 29.1 15:46 16.8 06:09 0.2 3.9 0.8 0.9 20.9 16:41 WSW 04 22.9 30.8 16:46 15.1 05:58 0.6 5.2 0.0 1.5 16.1 15:55 N 05 21.9 27.8 13:38 18.4 23:10 0.0 3.6 32.8 1.2 29.0 15:07 W 06 21.2 26.4 14:32 18.2 06:33 0.0 2.9 2.0 0.6 12.9 18:45 NNE 07 21.1 24.4 15:31 19.8 06:17 0.0 2.8 3.3 3.3 19.3 17:22 E 08 22.3 27.5 15:54 18.7 06:01 0.0 4.0 0.3 1.5 24.1 22:06 ESE 09 22.8 27.9 17:20 17.7 06:50 0.0 4.5 0.0 2.4 24.1 02:28 W 10 21.5 28.1 18:03 14.4 23:51 0.4 3.6 0.0 1.9 22.5 03:03 W 11 19.1 27.4 17:08 10.4 06:23 2.4 3.1 0.0 1.3 17.7 12:58 S 12 19.8 25.9 15:29 12.4 06:24 1.5 3.0 0.0 0.6 11.3 13:19 SSW 13 21.4 28.8 16:44 13.9 06:42 1.0 4.1 0.0 1.1 16.1 12:41 SSW 14 22.6 31.3 16:22 14.8 06:31 0.8 5.0 0.0 0.9 14.5 16:56 SSE 15 23.4 30.7 19:05 18.7 07:01 0.0 5.1 0.3 1.0 12.9 12:35 SW 16 23.4 30.8 18:19 16.4 06:43 0.2 5.4 0.0 0.8 14.5 14:02 S 17 24.1 32.2 18:49 18.4 04:50 0.0 5.8 0.0 0.9 14.5 14:35 ESE 18 25.0 32.9 16:58 18.6 04:36 0.0 6.7 0.0 0.6 12.9 14:41 SE 19 26.0 33.4 18:18 19.3 06:47 0.0 7.7 0.0 0.9 14.5 16:26 WSW 20 25.5 34.3 18:15 17.7 07:06 0.0 7.2 0.0 0.9 14.5 15:35 SW 21 25.5 34.4 18:56 17.9 07:00 0.0 7.3 0.0 0.6 12.9 14:06 SW 22 26.1 34.5 15:52 19.0 06:52 0.0 7.8 0.0 0.7 12.9 14:40 SSE 23 26.3 35.6 16:21 18.8 07:04 0.0 8.0 0.0 1.0 25.7 21:20 WSW 24 25.5 33.6 17:45 17.5 06:50 0.0 7.3 0.0 1.0 12.9 14:05 NNE 25 25.1 33.4 16:49 17.3 05:33 0.1 6.8 0.0 1.1 20.9 23:43 S 26 24.4 30.7 16:06 17.0 07:10 0.1 6.2 0.0 0.5 16.1 00:11 W 27 24.0 29.6 16:40 19.6 03:53 0.0 5.7 0.0 4.0 32.2 23:28 NW 28 21.4 29.1 16:00 11.8 07:23 0.8 3.9 0.0 1.5 24.1 01:12 WSW 29 19.4 28.6 16:03 10.4 05:51 2.5 3.5 0.0 1.0 14.5 15:03 SSW 30 20.2 29.3 16:24 11.8 06:56 1.9 3.8 0.0 1.2 16.1 14:37 S 31 20.9 28.2 16:57 14.5 03:20 1.0 3.6 0.0 1.3 17.7 13:13 S ------------------------------------------------------------------------------------- 22.9 35.6 23 10.4 11 14.4 156.5 39.4 1.3 32.2 27 SW Max >= 32.0: 9 Max <= 0.0: 0 Min <= 0.0: 0 Min <= -18.0: 0 Max Rain: 32.77 ON 05/08/11 Days of Rain: 6 (> .2 mm) 3 (> 2 mm) 1 (> 20 mm) Heat Base: 18.3 Cool Base: 18.3 Method: Integration