NOAA-Style Climate Reports
Dati NOAA
Dati NOAA
MONTHLY CLIMATOLOGICAL SUMMARY for February 10 NAME: VP1 CITY: Besozzo STATE: ELEV: 305 m LAT: 45° 50' 46" N LONG: 8° 40' 01" E TEMPERATURE (°C), RAIN (mm), WIND SPEED (km/h) HEAT COOL AVG MEAN DEG DEG WIND DOM DAY TEMP HIGH TIME LOW TIME DAYS DAYS RAIN SPEED HIGH TIME DIR ------------------------------------------------------------------------------------ 01 -1.5 5.3 15:30 -8.3 07:45 19.6 0.0 0.0 1.2 19.3 01:45 NW 02 -2.1 7.1 14:50 -9.2 07:25 20.3 0.0 0.0 0.7 12.9 13:50 SW 03 -1.2 8.5 15:05 -8.5 07:35 19.4 0.0 0.0 0.7 12.9 14:15 SW 04 0.6 3.9 16:15 -4.6 00:55 17.6 0.0 0.0 0.2 9.7 01:40 ENE 05 -0.2 1.0 00:35 -0.5 04:55 18.4 0.0 23.9 0.2 11.3 01:35 NE 06 1.5 7.6 14:00 -2.2 23:35 16.7 0.0 13.5 0.8 9.7 07:25 ESE 07 0.1 7.9 14:05 -3.2 05:40 18.1 0.0 0.5 1.0 16.1 13:30 SE 08 -1.1 4.1 15:30 -4.8 06:05 19.3 0.0 0.0 1.1 12.9 17:55 S 09 0.5 2.4 15:40 -1.3 00:00 17.7 0.0 0.3 0.4 9.7 12:10 SW 10 2.1 7.9 14:30 -1.7 06:55 16.1 0.0 0.0 1.3 17.7 10:15 N 11 1.6 4.8 13:40 -0.6 05:25 16.6 0.0 1.3 1.6 17.7 14:10 SSE 12 1.8 7.8 15:30 -3.1 23:55 16.5 0.0 1.0 1.0 17.7 12:05 WNW 13 0.5 8.8 15:15 -5.8 06:35 17.7 0.0 0.0 1.3 16.1 13:05 SSE 14 0.0 5.6 15:10 -3.8 01:35 18.2 0.0 0.0 0.4 11.3 13:45 WSW 15 -0.3 5.8 13:05 -5.7 05:15 18.5 0.0 0.0 0.7 12.9 14:05 S 16 2.0 3.7 16:15 0.7 01:20 16.3 0.0 1.3 0.2 9.7 15:35 SW 17 2.9 4.8 14:10 1.4 05:35 15.3 0.0 20.1 0.4 12.9 07:45 N 18 4.9 9.6 15:20 2.6 04:50 13.3 0.0 8.4 1.7 19.3 13:55 ESE 19 4.4 5.4 15:40 3.3 23:50 13.8 0.0 43.9 1.5 22.5 14:30 NNW 20 6.6 12.9 14:00 2.3 05:25 11.7 0.0 0.0 2.3 29.0 12:40 N 21 3.2 9.8 14:45 -4.6 07:25 15.0 0.0 5.3 2.2 17.7 14:00 SE 22 2.6 4.3 15:25 1.2 04:10 15.6 0.0 13.2 0.6 9.7 01:45 NNW 23 4.7 9.1 13:40 2.6 23:50 13.6 0.0 5.8 0.8 12.9 13:30 WNW 24 4.7 12.8 15:35 -0.5 03:45 13.5 0.0 0.0 0.8 12.9 14:25 SSW 25 6.3 13.7 14:15 0.0 03:10 12.0 0.0 4.3 1.0 19.3 16:45 NW 26 6.4 11.6 15:10 0.3 23:55 11.8 0.0 12.2 1.5 17.7 03:30 NW 27 5.3 12.7 15:40 -2.2 07:50 13.0 0.0 0.0 1.0 17.7 22:40 ESE 28 4.8 7.1 00:00 2.6 23:20 13.5 0.0 7.1 1.7 19.3 07:40 NNW ------------------------------------------------------------------------------------- 2.2 13.7 25 -9.2 2 449.3 0.0 162.1 1.0 29.0 20 NNW Max >= 32.0: 0 Max <= 0.0: 0 Min <= 0.0: 19 Min <= -18.0: 0 Max Rain: 43.94 ON 19/02/10 Days of Rain: 16 (> .2 mm) 11 (> 2 mm) 3 (> 20 mm) Heat Base: 18.3 Cool Base: 18.3 Method: Integration