NOAA-Style Climate Reports
Dati NOAA
Dati NOAA
MONTHLY CLIMATOLOGICAL SUMMARY for August 09 NAME: VP1 CITY: Besozzo STATE: ELEV: 305 m LAT: 45° 50' 46" N LONG: 8° 40' 01" E TEMPERATURE (°C), RAIN (mm), WIND SPEED (km/h) HEAT COOL AVG MEAN DEG DEG WIND DOM DAY TEMP HIGH TIME LOW TIME DAYS DAYS RAIN SPEED HIGH TIME DIR ------------------------------------------------------------------------------------ 01 23.9 30.1 16:41 18.5 06:45 0.0 5.6 0.0 1.2 16.1 16:33 W 02 22.7 26.3 12:52 20.0 04:55 0.0 4.3 1.8 2.4 27.4 05:56 WNW 03 18.5 22.3 16:41 16.2 12:46 0.4 0.6 26.2 1.2 20.9 12:36 NW 04 20.9 29.5 16:27 11.7 07:00 1.8 4.3 0.0 1.6 16.1 15:19 W 05 21.6 28.9 17:00 12.2 06:29 1.2 4.5 0.0 1.3 16.1 14:54 SW 06 23.2 29.8 15:17 15.8 07:18 0.4 5.3 0.0 1.4 16.1 15:50 SSW 07 24.6 30.2 17:12 18.8 07:23 0.0 6.3 2.3 1.7 32.2 23:42 SSW 08 21.2 25.7 15:59 18.4 07:03 0.0 2.9 9.1 1.8 25.7 01:03 W 09 21.3 27.8 17:00 15.9 06:22 0.5 3.5 28.7 2.0 69.2 20:48 SW 10 20.9 25.6 14:48 17.2 06:55 0.1 2.7 4.8 1.3 16.1 11:48 NW 11 22.6 30.6 15:55 15.1 07:13 0.6 4.9 0.0 1.3 16.1 14:42 WSW 12 22.7 30.0 16:21 15.8 06:56 0.4 4.8 0.0 1.1 12.9 16:16 SW 13 23.7 30.2 16:20 17.2 07:06 0.1 5.5 0.0 1.0 12.9 12:56 WSW 14 23.7 28.3 15:14 20.1 06:46 0.0 5.4 0.0 1.9 20.9 14:21 ESE 15 24.3 30.1 16:40 20.2 03:08 0.0 5.9 0.0 1.2 12.9 12:46 SSW 16 24.4 30.9 16:32 18.1 06:45 0.0 6.1 0.0 1.1 12.9 13:09 SSW 17 25.5 32.8 17:41 19.2 07:07 0.0 7.2 0.0 0.9 12.9 16:10 SW 18 25.3 33.7 16:40 17.9 07:15 0.0 6.9 0.0 1.0 12.9 14:34 SW 19 25.2 33.6 16:50 17.9 06:26 0.0 7.0 0.0 1.1 12.9 14:24 SSW 20 25.9 33.8 17:10 19.2 07:15 0.0 7.5 0.0 1.1 16.1 13:03 SW 21 23.8 29.9 13:04 19.5 07:18 0.0 5.4 0.0 1.1 20.9 17:38 WNW 22 23.3 31.1 17:15 16.1 07:16 0.4 5.3 0.0 1.3 17.7 15:08 WNW 23 23.3 29.6 16:13 17.3 06:37 0.1 5.1 0.0 1.6 16.1 13:07 W 24 23.5 28.9 16:20 18.9 07:05 0.0 5.2 0.0 1.4 17.7 13:39 S 25 23.0 28.4 14:48 18.1 06:43 0.0 4.7 0.0 1.2 12.9 12:18 SW 26 21.6 27.2 15:24 17.2 07:18 0.1 3.4 8.6 1.5 20.9 04:14 NW 27 23.3 30.1 15:38 17.8 07:38 0.0 5.0 0.0 1.3 16.1 15:57 W 28 23.3 31.2 17:03 16.3 07:05 0.3 5.3 0.0 1.2 16.1 14:58 WSW 29 23.9 32.2 17:37 18.4 05:05 0.0 5.6 0.0 2.0 27.4 22:21 W 30 18.7 23.7 16:11 14.5 07:17 1.0 1.5 0.8 1.7 17.7 00:20 SSW 31 19.1 28.1 15:00 11.8 06:50 2.0 2.9 0.0 1.3 12.9 13:44 SSW ------------------------------------------------------------------------------------- 22.9 33.8 20 11.7 4 9.6 150.5 82.3 1.4 69.2 9 WSW Max >= 32.0: 5 Max <= 0.0: 0 Min <= 0.0: 0 Min <= -18.0: 0 Max Rain: 28.70 ON 09/08/09 Days of Rain: 8 (> .2 mm) 6 (> 2 mm) 2 (> 20 mm) Heat Base: 18.3 Cool Base: 18.3 Method: Integration