NOAA-Style Climate Reports
Dati NOAA
Dati NOAA
MONTHLY CLIMATOLOGICAL SUMMARY for April 09 NAME: VP1 CITY: Besozzo STATE: ELEV: 305 m LAT: 45° 50' 46" N LONG: 8° 40' 01" E TEMPERATURE (°C), RAIN (mm), WIND SPEED (km/h) HEAT COOL AVG MEAN DEG DEG WIND DOM DAY TEMP HIGH TIME LOW TIME DAYS DAYS RAIN SPEED HIGH TIME DIR ------------------------------------------------------------------------------------ 01 11.0 15.8 16:50 8.5 03:15 7.3 0.0 22.6 1.5 25.7 15:50 WNW 02 11.2 12.2 15:10 10.0 23:30 7.1 0.0 33.5 0.7 16.1 09:35 WNW 03 12.7 19.7 17:30 8.5 04:45 5.7 0.1 18.8 1.8 17.7 08:30 WNW 04 11.7 17.9 13:35 4.7 07:30 6.5 0.0 0.3 1.9 20.9 12:45 ESE 05 12.8 19.9 16:35 8.1 07:35 5.5 0.2 0.3 1.6 38.6 16:40 SE 06 14.2 21.2 15:20 6.1 07:15 4.6 0.7 0.0 1.3 19.3 16:00 W 07 12.5 19.7 18:45 4.4 07:25 5.4 0.2 0.0 1.3 20.9 15:40 NE 08 12.1 20.3 16:00 4.2 07:10 6.1 0.2 0.0 0.7 12.9 16:45 SSW 09 12.8 20.9 15:50 3.5 06:30 6.1 0.6 0.0 1.3 19.3 15:30 SE 10 12.3 17.7 16:05 7.2 07:20 5.9 0.0 0.5 1.4 20.9 13:55 NW 11 13.1 15.7 17:16 9.9 07:05 5.9 0.0 1.3 3.0 29.0 14:10 NW 12 13.7 20.4 15:12 8.9 23:56 4.6 0.1 0.0 1.1 17.7 16:53 W 13 14.6 24.8 15:18 4.7 06:59 5.1 1.5 0.0 1.9 20.9 16:48 S 14 15.4 22.6 14:09 6.4 07:05 3.9 1.1 0.0 1.5 17.7 12:14 S 15 14.2 21.8 15:43 5.7 06:59 4.7 0.7 0.0 2.3 27.4 18:18 SE 16 8.8 12.6 00:15 4.3 19:00 9.5 0.0 87.1 1.6 51.5 18:40 NW 17 10.5 18.2 15:29 4.8 04:08 7.8 0.0 0.0 1.6 20.9 14:27 ESE 18 9.4 17.3 14:33 4.6 06:19 8.9 0.0 64.3 1.1 25.7 18:58 E 19 9.7 13.1 14:43 7.9 04:24 8.5 0.0 6.1 1.8 30.6 13:43 NW 20 11.4 16.3 15:56 8.7 06:15 6.9 0.0 8.9 1.0 17.7 17:40 WNW 21 13.3 19.7 15:37 7.3 05:06 5.1 0.1 0.3 1.3 16.1 14:50 SSE 22 16.3 24.9 14:26 6.9 07:02 3.8 1.9 0.0 1.7 25.7 21:16 SW 23 15.7 23.7 13:15 7.8 06:34 3.6 1.1 0.0 5.3 41.8 19:03 ENE 24 8.9 12.4 16:02 6.6 08:18 9.2 0.0 41.7 1.9 22.5 16:40 NW 25 12.1 17.9 16:09 7.0 06:18 5.9 0.0 0.0 1.1 20.9 00:02 WNW 26 9.1 9.8 00:00 8.0 23:51 9.2 0.0 34.3 0.6 17.7 18:25 NW 27 7.5 8.0 00:00 6.8 10:36 10.7 0.0 118.4 2.4 30.6 23:28 NW 28 8.0 9.4 14:27 6.6 00:53 10.2 0.0 106.7 1.4 29.0 00:00 NW 29 9.5 14.8 13:41 4.0 07:19 8.8 0.0 2.3 1.4 33.8 14:37 WNW 30 13.5 21.2 16:03 5.4 06:43 5.1 0.5 0.0 2.0 30.6 14:00 SSW ------------------------------------------------------------------------------------- 11.8 24.9 22 3.5 9 197.7 8.7 547.1 1.7 51.5 16 WNW Max >= 32.0: 0 Max <= 0.0: 0 Min <= 0.0: 0 Min <= -18.0: 0 Max Rain: 118.36 ON 27/04/09 Days of Rain: 17 (> .2 mm) 12 (> 2 mm) 8 (> 20 mm) Heat Base: 18.3 Cool Base: 18.3 Method: Integration