NOAA-Style Climate Reports
Dati NOAA
Dati NOAA
MONTHLY CLIMATOLOGICAL SUMMARY for December 08 NAME: VP1 CITY: Besozzo STATE: ELEV: 305 m LAT: 45° 50' 46" N LONG: 8° 40' 01" E TEMPERATURE (°C), RAIN (mm), WIND SPEED (km/h) HEAT COOL AVG MEAN DEG DEG WIND DOM DAY TEMP HIGH TIME LOW TIME DAYS DAYS RAIN SPEED HIGH TIME DIR ------------------------------------------------------------------------------------ 01 1.1 2.4 00:00 -1.0 22:20 17.2 0.0 58.9 0.7 19.3 02:05 NNW 02 2.4 7.7 15:10 -1.1 23:55 15.9 0.0 0.0 0.3 9.7 12:30 NW 03 -0.0 6.8 14:30 -3.3 23:30 18.3 0.0 0.3 0.3 9.7 14:00 WSW 04 -1.0 4.5 13:50 -6.0 07:50 19.2 0.0 0.0 0.1 8.0 20:55 ENE 05 1.9 3.4 14:45 -0.7 22:55 16.3 0.0 6.4 0.1 8.0 07:55 NNW 06 0.8 7.3 15:15 -2.4 23:00 17.4 0.0 0.3 0.5 12.9 01:05 ESE 07 4.2 12.3 13:40 -3.4 04:20 14.0 0.0 0.3 1.4 22.5 14:25 NW 08 0.5 9.4 14:45 -5.0 07:55 17.7 0.0 0.0 0.2 4.8 00:25 SSW 09 -1.1 3.0 14:10 -6.3 07:20 19.3 0.0 2.3 0.1 8.0 09:55 SE 10 -0.0 0.9 00:00 -0.7 04:40 18.2 0.0 45.7 0.1 8.0 08:45 NW 11 1.3 2.2 20:15 0.3 00:00 16.9 0.0 42.2 0.2 12.9 15:50 NW 12 2.7 5.4 16:00 0.0 06:05 15.5 0.0 9.7 0.1 4.8 08:15 NNE 13 3.0 3.6 14:05 2.7 06:55 15.2 0.0 17.5 0.2 8.0 15:55 NNW 14 3.3 4.0 23:25 2.8 05:15 15.0 0.0 23.4 1.3 19.3 23:20 NW 15 4.4 4.9 14:35 3.8 05:15 13.8 0.0 35.6 2.3 30.6 07:45 NW 16 5.4 6.3 13:40 4.2 02:05 12.8 0.0 19.6 0.8 17.7 08:10 NW 17 3.8 5.7 13:10 0.1 23:55 14.3 0.0 3.8 0.2 12.9 00:00 NNE 18 5.2 14.8 14:15 -1.4 02:35 13.0 0.0 1.5 1.3 29.0 13:10 E 19 3.5 11.2 14:05 -0.9 05:35 14.6 0.0 0.0 0.2 8.0 11:30 ESE 20 3.2 10.1 14:25 -1.5 06:10 15.1 0.0 0.3 0.6 11.3 13:45 ENE 21 4.3 16.9 15:10 -2.3 08:25 13.9 0.0 0.0 0.6 16.1 21:25 ENE 22 1.7 9.6 14:40 -3.3 08:30 16.6 0.0 0.0 0.2 8.0 12:25 SE 23 2.5 11.4 15:05 -2.0 05:15 15.6 0.0 0.0 0.2 11.3 06:05 ENE 24 2.1 11.2 14:15 -3.4 07:25 13.1 0.0 0.0 0.2 9.7 12:50 ESE 25 0.6 6.0 15:55 -2.7 03:55 17.7 0.0 3.6 1.0 19.3 11:00 NW 26 -1.9 2.9 13:15 -7.4 23:55 18.2 0.0 14.0 1.7 46.7 00:25 SSE 27 -5.5 0.6 14:00 -9.6 05:25 22.5 0.0 0.5 0.1 8.0 12:05 NW 28 -5.1 -0.3 16:00 -11.0 07:55 23.4 0.0 0.0 0.1 4.8 10:45 ESE 29 -0.8 0.6 14:20 -2.2 00:00 19.1 0.0 0.5 0.1 11.3 00:50 NNE 30 -0.4 4.3 14:30 -2.7 07:40 18.6 0.0 0.0 0.1 4.8 15:10 NE 31 -0.1 1.1 15:45 -1.2 08:20 18.4 0.0 0.0 0.1 4.8 10:00 SE ------------------------------------------------------------------------------------- 1.4 16.9 21 -11.0 28 516.8 0.0 286.0 0.5 46.7 26 NW Max >= 32.0: 0 Max <= 0.0: 1 Min <= 0.0: 25 Min <= -18.0: 0 Max Rain: 58.93 ON 01/12/08 Days of Rain: 20 (> .2 mm) 13 (> 2 mm) 5 (> 20 mm) Heat Base: 18.3 Cool Base: 18.3 Method: Integration