NOAA-Style Climate Reports
Dati NOAA
Dati NOAA
MONTHLY CLIMATOLOGICAL SUMMARY for APR. 2008 NAME: monica CITY: Besozzo STATE: Italia ELEV: 300 m LAT: 45° 50 46" N LONG: 8° 40' 02" E TEMPERATURE (°C), RAIN (mm), WIND SPEED (km/hr) HEAT COOL AVG MEAN DEG DEG WIND DOM DAY TEMP HIGH TIME LOW TIME DAYS DAYS RAIN SPEED HIGH TIME DIR ------------------------------------------------------------------------------------ 1 12.5 22.2 15.10 3.2 6.50 6.5 0.7 0.0 1.4 17.7 15.25 E 2 12.3 18.3 15.25 3.7 7.20 6.0 0.0 0.0 2.7 33.8 11.55 NNW 3 12.3 17.3 13.40 6.8 7.50 5.9 0.0 0.0 4.0 41.8 13.45 ENE 4 12.7 19.3 17.20 4.0 7.30 5.7 0.0 0.0 2.3 35.4 0.50 NNW 5 9.3 16.6 15.40 0.3 7.10 9.0 0.0 0.0 2.4 22.5 22.55 ESE 6 8.9 14.0 15.20 3.8 5.50 9.4 0.0 6.9 2.3 25.7 20.10 SE 7 10.0 16.3 16.40 3.9 00.00 8.3 0.0 0.0 2.7 32.2 9.30 NNW 8 6.4 11.8 14.50 0.8 4.25 11.9 0.0 0.0 1.3 20.9 16.50 ESE 9 5.9 9.9 12.35 0.3 6.40 12.3 0.0 4.8 0.3 11.3 18.10 NNW 10 7.7 9.1 15.55 6.4 6.20 10.6 0.0 11.4 0.1 9.7 1.35 NW 11 9.0 10.2 15.35 8.3 0.05 9.3 0.0 43.4 0.2 11.3 17.15 NNW 12 9.4 14.9 17.05 6.2 8.15 8.8 0.0 13.7 2.6 30.6 5.40 NNW 13 8.4 13.8 13.55 0.7 7.30 9.9 0.0 2.0 1.8 22.5 12.10 SE 14 6.8 9.2 0.05 4.2 19.00 11.4 0.0 50.8 2.1 29.0 21.00 NW 15 9.8 17.6 16.35 1.0 7.30 8.5 0.0 0.3 1.6 29.0 13.45 NW 16 10.1 16.6 15.15 5.2 7.05 12.4 0.0 0.0 2.4 25.7 17.30 NW 17 7.4 10.2 15.55 5.6 2.00 10.9 0.0 12.4 1.1 22.5 23.45 NW 18 7.5 9.9 14.10 5.7 4.55 10.8 0.0 41.7 1.1 19.3 0.05 NW 19 10.1 16.6 17.20 5.4 5.10 8.2 0.0 12.7 2.1 20.9 18.20 NW 20 11.8 17.2 15.05 8.1 0.45 6.5 0.0 2.5 1.3 20.9 21.45 NW 21 8.4 10.1 0.05 6.9 23.50 9.9 0.0 36.1 2.6 27.4 4.10 NW 22 10.4 17.3 16.45 6.1 6.50 7.6 0.0 0.0 0.8 16.1 14.15 SE 23 15.8 24.6 14.45 5.4 7.25 4.0 1.4 0.0 2.1 20.9 16.25 ESE 24 14.0 18.4 15.50 10.7 23.55 4.3 0.0 0.0 2.1 19.3 7.40 SE 25 15.1 24.6 15.55 7.1 7.10 4.4 1.2 0.0 1.4 19.3 16.10 W 26 14.3 20.4 16.00 6.3 6.50 4.1 0.2 0.0 1.3 19.3 13.35 SE 27 14.7 19.2 14.20 10.1 6.55 3.7 0.1 0.0 2.3 25.7 13.55 SE 28 11.5 16.6 15.10 5.1 6.40 6.8 0.0 0.8 0.3 9.7 19.30 W 29 11.3 15.8 15.35 8.6 5.35 7.0 0.0 21.1 1.8 20.9 4.55 SE 30 10.6 14.1 13.45 7.5 00.00 7.8 0.0 19.8 3.2 32.2 22.45 SE ------------------------------------------------------------------------------------- 10.5 24.6 23 0.3 5 241.9 3.6 280.4 1.8 41.8 3 NW Max >= 32.0: 0 Max <= 0.0: 0 Min <= 0.0: 0 Min <= -18.0: 0 Max Rain: 50.80 ON 14/04/08 Days of Rain: 16 (> .2 mm) 14 (> 2 mm) 5 (> 20 mm) Heat Base: 18.3 Cool Base: 18.3 Method: Integration