NOAA-Style Climate Reports
Dati NOAA
Dati NOAA
MONTHLY CLIMATOLOGICAL SUMMARY for SEP. 2007 NAME: monica CITY: Besozzo STATE: Italia ELEV: 300 m LAT: 45° 50 46" N LONG: 8° 40' 02" E TEMPERATURE (°C), RAIN (mm), WIND SPEED (km/hr) HEAT COOL AVG MEAN DEG DEG WIND DOM DAY TEMP HIGH TIME LOW TIME DAYS DAYS RAIN SPEED HIGH TIME DIR ------------------------------------------------------------------------------------ 1 18.4 25.8 15.40 12.2 7.30 2.1 2.2 0.0 0.6 11.3 11.30 SW 2 18.7 25.5 16.35 12.8 7.30 1.7 2.2 0.0 0.8 16.1 12.45 ESE 3 18.9 24.6 15.10 14.4 6.50 2.4 3.4 0.0 0.5 12.9 12.40 SE 4 19.7 23.9 16.15 15.7 23.50 0.5 1.9 0.0 3.4 35.4 19.35 ESE 5 15.6 22.5 14.05 5.6 7.10 3.7 1.0 0.0 1.9 40.2 19.55 E 6 18.1 26.9 16.55 9.3 5.35 2.5 2.3 0.0 2.1 29.0 1.10 NW 7 18.8 29.3 15.40 7.8 6.45 2.7 3.2 0.0 1.3 25.7 12.30 ESE 8 16.4 24.3 16.35 8.8 7.05 3.5 1.6 0.0 0.3 11.3 12.30 ESE 9 17.2 25.6 17.10 9.1 6.35 3.1 2.0 0.0 0.8 12.9 14.30 SE 10 17.7 24.1 15.45 11.8 6.30 2.2 1.6 0.0 0.3 16.1 13.35 ESE 11 18.2 28.3 16.25 10.7 7.15 2.9 2.8 0.0 1.0 17.7 23.30 SE 12 16.7 24.3 16.55 11.3 3.20 3.0 1.4 0.0 0.8 12.9 1.45 ESE 13 16.0 24.2 16.45 9.5 6.25 3.5 1.3 0.0 0.5 12.9 14.00 ESE 14 16.7 24.1 16.20 10.5 5.00 3.1 1.5 0.0 0.5 16.1 14.25 S 15 17.9 25.8 14.35 11.7 7.10 2.5 2.2 0.0 1.0 12.9 14.40 SE 16 17.9 23.9 16.30 12.8 7.45 1.8 1.4 0.0 0.5 11.3 13.10 NW 17 19.3 23.4 16.30 16.3 1.05 0.6 1.6 19.6 1.0 16.1 14.30 SE 18 19.1 22.2 15.55 16.8 00.00 0.3 1.1 3.8 3.9 38.6 20.55 SE 19 16.2 22.0 15.35 8.9 00.00 2.8 0.6 0.0 2.4 30.6 1.10 NW 20 12.7 19.8 15.25 6.6 5.45 5.8 0.2 0.0 0.6 16.1 13.25 SE 21 13.6 20.9 15.45 7.4 7.10 5.1 0.5 0.0 0.8 16.1 14.40 SE 22 14.7 22.1 16.20 8.1 7.15 4.4 0.9 0.0 0.6 11.3 14.00 SW 23 15.7 24.6 15.10 9.0 6.45 4.1 1.5 0.0 0.5 12.9 15.30 S 24 15.4 23.7 15.25 9.1 7.35 4.0 1.2 0.0 0.6 12.9 15.10 S 25 14.7 18.8 16.05 11.2 23.55 3.6 0.0 29.2 1.0 32.2 23.15 NW 26 9.6 11.2 0.05 8.3 23.30 8.8 0.0 87.1 2.9 33.8 6.35 NW 27 8.9 10.3 16.55 8.1 8.50 9.4 0.0 35.6 0.6 19.3 0.45 NW 28 11.1 15.7 16.15 7.8 7.25 7.2 0.0 6.6 1.0 16.1 15.10 SE 29 12.5 16.1 16.20 10.9 6.30 5.8 0.0 2.0 0.3 12.9 14.05 NW 30 12.7 16.9 16.35 9.8 23.55 5.6 0.0 0.5 0.2 11.3 15.05 WSW ------------------------------------------------------------------------------------- 16.0 29.3 7 5.6 5 108.7 39.4 184.4 1.1 40.2 5 ESE Max >= 32.0: 0 Max <= 0.0: 0 Min <= 0.0: 0 Min <= -18.0: 0 Max Rain: 87.12 ON 26/09/07 Days of Rain: 8 (> .2 mm) 7 (> 2 mm) 3 (> 20 mm) Heat Base: 18.3 Cool Base: 18.3 Method: Integration