NOAA-Style Climate Reports
Dati NOAA
Dati NOAA
MONTHLY CLIMATOLOGICAL SUMMARY for APR. 2007 NAME: Marchirolo CITY: Besozzo STATE: Italia ELEV: 300 m LAT: 45° 50' 46" N LONG: 8° 40' 02" E TEMPERATURE (°C), RAIN (mm), WIND SPEED (km/hr) HEAT COOL AVG MEAN DEG DEG WIND DOM DAY TEMP HIGH TIME LOW TIME DAYS DAYS RAIN SPEED HIGH TIME DIR ------------------------------------------------------------------------------------ 1 8.8 13.0 15.25 6.5 7.15 9.5 0.0 3.6 0.6 12.9 11.40 W 2 10.8 18.1 16.50 4.3 7.45 7.4 0.0 0.0 1.3 17.7 17.25 WSW 3 10.6 18.4 15.05 3.4 7.40 7.7 0.0 1.5 1.8 20.9 15.50 NE 4 9.2 14.4 17.15 6.4 3.25 9.1 0.0 4.6 4.0 32.2 12.55 WSW 5 10.6 17.0 16.40 5.1 7.15 7.4 0.0 0.0 1.8 20.9 14.40 NE 6 11.2 19.3 15.05 2.7 7.05 7.1 0.1 0.0 1.8 20.9 15.15 S 7 12.4 20.4 16.20 3.8 7.05 6.2 0.4 0.0 1.4 19.3 14.00 SSW 8 13.1 19.4 17.15 8.3 7.40 5.2 0.0 0.0 2.1 20.9 13.40 SE 9 12.6 21.1 18.00 4.1 6.50 6.0 0.5 0.0 1.6 22.5 16.10 SSW 10 13.7 22.2 16.45 4.6 7.15 5.4 0.8 0.0 1.9 22.5 15.10 ESE 11 14.6 22.9 16.15 5.4 7.15 4.9 1.2 0.0 1.9 20.9 14.00 ESE 12 14.6 22.6 14.50 5.8 6.40 4.8 1.2 0.0 1.6 17.7 13.35 SE 13 15.6 23.0 12.50 7.8 7.00 3.7 1.1 0.0 1.1 16.1 13.10 SE 14 16.6 24.9 14.55 7.4 6.55 3.5 1.8 0.0 1.9 20.9 15.20 SE 15 17.3 24.8 15.55 9.4 6.50 3.0 2.0 0.0 1.9 19.3 14.50 ESE 16 16.2 23.7 16.45 8.1 6.30 3.6 1.5 0.0 3.2 25.7 12.40 SE 17 16.7 22.7 17.40 10.0 7.20 2.7 1.1 0.0 2.7 20.9 14.10 ESE 18 16.9 25.4 15.50 8.0 7.00 3.5 2.1 0.0 1.9 25.7 16.05 SSW 19 14.8 19.8 17.00 8.8 6.45 3.7 0.2 0.0 2.7 20.9 11.00 ESE 20 16.3 22.2 15.45 10.7 1.35 3.0 1.0 0.0 1.8 17.7 14.10 SE 21 16.0 22.7 16.00 9.7 6.55 3.3 1.0 0.0 1.8 17.7 14.20 SE 22 17.8 24.1 16.40 13.2 00.00 1.9 1.5 0.0 1.8 19.3 15.25 S 23 17.8 25.4 15.45 10.9 5.15 2.7 2.2 0.0 1.4 16.1 13.45 SE 24 18.6 27.4 16.05 9.8 7.00 2.6 2.9 0.0 1.4 19.3 16.30 SSE 25 17.9 24.3 16.00 12.1 4.35 1.9 1.6 0.0 1.0 12.9 13.00 ESE 26 17.7 22.2 14.50 12.2 00.00 1.2 0.6 0.0 1.0 17.7 3.55 SE 27 16.2 24.1 17.00 11.6 0.50 3.2 1.2 0.0 1.1 20.9 18.35 SE 28 16.7 24.3 17.30 8.8 6.20 3.4 1.8 0.0 1.6 19.3 14.05 ESE 29 17.0 24.8 16.45 7.4 6.15 3.4 2.1 0.0 2.4 19.3 13.20 SE 30 15.3 22.3 17.40 7.4 6.05 3.9 0.9 0.5 2.7 25.7 18.50 ESE ------------------------------------------------------------------------------------- 14.8 27.4 24 2.7 6 135.2 30.7 10.2 1.9 32.2 4 SE Max >= 32.0: 0 Max <= 0.0: 0 Min <= 0.0: 0 Min <= -18.0: 0 Max Rain: 4.57 ON 04/04/07 Days of Rain: 4 (> .2 mm) 2 (> 2 mm) 0 (> 20 mm) Heat Base: 18.3 Cool Base: 18.3 Method: Integration