NOAA-Style Climate Reports
Dati NOAA
Dati NOAA
MONTHLY CLIMATOLOGICAL SUMMARY for FEB. 2005 NAME: monica CITY: Besozzo STATE: Italia ELEV: 300 m LAT: 45° 56' 48" N LONG: 8° 49' 59" E TEMPERATURE (°C), RAIN (mm), WIND SPEED (km/hr) HEAT COOL AVG MEAN DEG DEG WIND DOM DAY TEMP HIGH TIME LOW TIME DAYS DAYS RAIN SPEED HIGH TIME DIR ------------------------------------------------------------------------------------ 1 4.6 14.6 13.10 -5.2 2.15 15.7 0.0 0.0 4.3 48.3 16.40 NNE 2 2.7 11.0 15.25 -5.0 7.40 17.6 0.0 0.0 1.4 25.7 0.15 NW 3 7.2 15.5 14.50 -2.8 3.50 13.1 0.0 0.0 3.4 25.7 20.55 NE 4 2.3 6.8 15.20 -1.0 20.15 18.0 0.0 0.0 1.0 16.1 1.45 NE 5 1.7 3.1 2.20 0.0 23.05 18.6 0.0 0.0 2.3 16.1 8.45 ENE 6 0.3 7.1 13.55 -4.1 5.05 20.0 0.0 0.0 1.1 14.5 13.35 NE 7 -1.2 4.7 15.10 -6.9 7.25 21.5 0.0 0.0 1.0 14.5 14.10 ENE 8 0.8 5.9 14.25 -4.0 00.00 19.5 0.0 0.0 0.6 12.9 12.00 SSE 9 -0.4 8.7 15.50 -6.6 7.45 20.7 0.0 0.0 0.6 12.9 14.10 SSE 10 1.3 10.8 14.45 -6.4 7.15 19.0 0.0 0.0 0.6 14.5 14.30 E 11 3.1 12.9 15.00 -3.7 5.05 17.2 0.0 0.0 0.8 14.5 14.00 ESE 12 3.8 11.9 14.25 -2.3 7.05 16.5 0.0 0.0 0.6 11.3 12.50 ENE 13 8.2 15.9 13.55 -1.0 6.35 12.1 0.0 0.0 5.5 45.1 15.00 WSW 14 7.3 11.8 14.35 0.3 00.00 13.0 0.0 0.0 5.5 49.9 2.40 W 15 4.2 12.9 10.30 -5.1 7.50 16.1 0.0 0.0 5.8 51.5 18.40 W 16 5.1 9.2 11.50 2.3 6.05 15.2 0.0 0.0 3.9 46.7 0.10 W 17 3.4 10.6 15.05 -3.4 23.20 16.9 0.0 0.0 2.3 27.4 3.35 W 18 0.3 9.6 13.35 -6.4 7.25 20.0 0.0 0.0 1.0 14.5 12.55 SE 19 0.3 6.4 15.05 -4.7 3.50 20.0 0.0 0.3 0.5 12.9 17.10 SSW 20 0.8 3.1 14.10 -1.3 0.55 19.5 0.0 0.0 1.0 12.9 13.30 NE 21 1.7 5.4 13.30 0.2 4.00 18.6 0.0 0.0 2.4 20.9 15.05 NE 22 0.8 4.2 14.25 -2.6 7.45 19.5 0.0 0.0 2.7 24.1 13.30 ENE 23 1.6 7.5 11.55 -2.5 23.50 18.7 0.0 0.0 1.6 27.4 13.25 E 24 0.6 5.3 15.10 -5.3 7.35 19.7 0.0 0.0 2.3 24.1 15.45 ENE 25 2.1 6.3 16.20 -2.7 00.00 18.2 0.0 19.8 0.6 12.9 15.20 NE 26 0.7 8.6 15.10 -5.3 6.05 19.6 0.0 3.6 1.3 17.7 14.05 NE 27 1.1 8.7 10.55 -6.1 5.30 19.2 0.0 0.8 3.7 32.2 11.25 ENE 28 -1.4 0.4 0.05 -2.8 10.35 21.7 0.0 2.0 4.2 32.2 15.25 NE ------------------------------------------------------------------------------------- 2.2 13.9 13 -8.9 7 505.5 0.0 26.4 2.2 51.5 15 NE Max >= 32.0: 0 Max <= 0.0: 1 Min <= 0.0: 27 Min <= -18.0: 0 Max Rain: 19.81 ON 25/02/05 Days of Rain: 5 (> .2 mm) 3 (> 2 mm) 0 (> 20 mm) Heat Base: 18.3 Cool Base: 18.3 Method: Integration