NOAA-Style Climate Reports
Dati NOAA
Dati NOAA
MONTHLY CLIMATOLOGICAL SUMMARY for NOV. 2004 NAME: monica CITY: Besozzo STATE: Italia ELEV: 300 m LAT: 45° 56' 48" N LONG: 8° 49' 59" E TEMPERATURE (°C), RAIN (mm), WIND SPEED (km/hr) HEAT COOL AVG MEAN DEG DEG WIND DOM DAY TEMP HIGH TIME LOW TIME DAYS DAYS RAIN SPEED HIGH TIME DIR ------------------------------------------------------------------------------------ 1 14.5 15.2 14.10 13.8 6.10 6.8 0.0 110.7 0.6 14.5 23.00 W 2 15.1 16.1 16.40 14.1 2.05 6.2 0.0 21.6 1.1 20.9 12.10 WSW 3 15.6 18.8 12.50 12.3 23.55 5.7 0.0 0.0 0.3 11.3 13.30 WSW 4 13.7 18.2 12.05 10.7 2.55 7.6 0.0 0.3 0.2 9.7 12.45 S 5 14.3 20.3 15.15 10.6 6.15 7.0 0.0 0.0 0.3 11.3 9.45 SW 6 13.8 17.3 14.15 10.3 00.00 7.5 0.0 0.0 0.6 14.5 16.20 NE 7 11.4 15.4 12.50 5.5 7.35 9.8 0.0 0.0 2.4 32.2 18.30 NE 8 7.6 15.8 12.00 1.0 6.30 13.8 0.0 0.0 1.8 25.7 0.30 WSW 9 4.3 11.2 13.35 -0.4 5.40 17.0 0.0 0.0 1.6 22.5 14.50 ENE 10 5.8 9.9 13.35 0.8 1.10 15.5 0.0 3.3 1.6 17.7 20.25 ENE 11 7.3 9.6 14.05 5.9 0.05 14.0 0.0 20.8 1.0 17.7 13.10 WSW 12 9.4 12.1 14.30 6.3 00.00 11.9 0.0 12.2 0.5 17.7 0.35 ENE 13 10.4 18.2 11.45 4.7 3.50 10.9 0.0 0.3 5.5 53.1 14.20 NE 14 10.4 13.8 12.50 7.7 7.45 10.9 0.0 0.0 5.8 45.1 1.30 W 15 5.6 11.8 14.10 -0.4 00.00 15.7 0.0 0.0 1.0 16.1 14.20 NE 16 3.9 12.5 15.35 -1.4 3.15 17.3 0.0 0.0 0.3 11.3 12.35 S 17 4.3 12.2 15.00 -0.5 7.00 17.0 0.0 0.0 0.2 9.7 12.00 S 18 5.1 13.7 14.50 -0.8 8.10 16.2 0.0 0.0 0.2 9.7 14.40 ENE 19 8.7 16.3 12.40 3.3 7.40 12.6 0.0 0.0 4.2 64.4 14.55 ENE 20 4.6 11.2 13.15 -2.4 7.45 16.7 0.0 0.0 1.1 16.1 13.20 SSW 21 3.2 11.0 13.50 -2.4 7.55 18.1 0.0 0.0 0.8 16.1 14.00 NE 22 2.3 9.3 15.15 -1.8 7.00 19.0 0.0 0.0 0.3 9.7 12.35 SSW 23 4.4 13.6 15.15 -1.3 6.10 16.8 0.0 0.0 0.5 11.3 16.30 NNE 24 4.2 11.3 14.00 -0.7 7.25 17.1 0.0 0.0 1.6 17.7 11.15 NE 25 6.1 8.8 13.25 0.2 1.00 15.3 0.0 0.0 0.2 11.3 7.35 W 26 5.1 10.1 13.55 1.4 22.35 16.3 0.0 0.0 0.6 14.5 9.00 NE 27 5.0 12.2 15.05 0.7 23.40 16.3 0.0 0.0 0.3 9.7 2.10 NNE 28 3.8 9.1 14.05 -0.4 6.50 17.5 0.0 0.5 0.1 3.2 9.35 NE 29 6.1 6.6 9.40 5.6 16.15 15.3 0.0 47.2 2.1 20.9 16.40 W 30 6.7 9.6 13.00 5.6 22.50 14.6 0.0 41.4 2.4 22.5 3.10 W ------------------------------------------------------------------------------------- 7.8 20.3 5 -2.4 21 406.5 0.0 258.3 1.3 64.4 19 NE Max >= 32.0: 0 Max <= 0.0: 0 Min <= 0.0: 16 Min <= -18.0: 0 Max Rain: 110.74 ON 01/11/04 Days of Rain: 10 (> .2 mm) 7 (> 2 mm) 5 (> 20 mm) Heat Base: 18.3 Cool Base: 18.3 Method: Integration