NOAA-Style Climate Reports
Dati NOAA
Dati NOAA
MONTHLY CLIMATOLOGICAL SUMMARY for AUG. 2016 NAME: Monischeva CITY: Besozzo STATE: Italia ELEV: 300 m LAT: 45° 50' 46" N LONG: 8° 40' 02" E TEMPERATURE (°C), RAIN (mm), WIND SPEED (km/hr) HEAT COOL AVG MEAN DEG DEG WIND DOM DAY TEMP HIGH TIME LOW TIME DAYS DAYS RAIN SPEED HIGH TIME DIR ------------------------------------------------------------------------------------ 1 22.9 30.3 15:48 16.6 6:03 0.2 4.8 0.0 1.3 19.3 19:14 SE 2 24.4 28.7 17:16 18.5 6:44 0.0 9.5 0.0 0.0 16.1 0:24 ESE 3 26.9 31.2 16:47 16.7 5:57 0.2 19.2 0.0 0.6 22.5 14:06 S 4 24.4 31.9 14:50 18.4 5:53 0.0 6.1 42.9 0.3 29.0 15:32 S 5 20.9 26.0 18:48 17.2 10:32 0.0 3.0 17.5 1.4 41.8 10:23 ENE 6 23.3 30.3 15:19 13.2 4:37 0.5 6.2 0.0 0.6 19.3 9:38 SW 7 22.2 29.2 15:24 12.8 7:01 0.9 5.2 0.0 0.5 17.7 12:33 SSW 8 21.9 29.8 17:21 13.5 6:15 1.1 4.9 0.0 0.6 30.6 13:59 S 9 21.2 29.3 15:01 16.2 5:25 0.4 3.8 0.0 1.3 38.6 16:07 NW 10 22.7 28.7 15:37 15.7 7:03 0.3 5.4 1.3 1.8 35.4 19:18 E 11 20.3 26.8 13:29 12.2 7:03 1.1 3.3 0.0 1.0 19.3 0:43 SW 12 18.9 26.7 19:11 11.2 5:34 2.3 2.9 0.0 0.0 16.1 12:39 ESE 13 21.1 27.9 16:05 12.9 6:19 1.4 4.6 0.0 0.0 12.9 12:02 NNE 14 23.0 30.1 16:42 14.9 6:42 0.7 6.0 0.0 0.3 14.5 12:54 S 15 24.1 31.6 15:02 17.6 6:37 0.1 6.9 0.0 0.0 12.9 13:07 WSW 16 23.4 30.1 16:25 18.3 23:42 0.0 6.2 6.1 1.0 38.6 20:42 WSW 17 23.2 30.1 15:25 14.7 6:52 0.7 6.7 0.3 0.2 12.9 16:04 SW 18 23.2 27.7 13:48 18.6 7:04 0.0 6.0 0.0 0.5 20.9 5:13 W 19 22.2 27.7 15:51 18.2 8:02 0.0 4.0 18.5 0.3 17.7 16:14 ESE 20 20.2 21.5 17:29 19.3 23:54 0.0 2.0 60.2 0.0 12.9 13:06 WNW 21 23.7 29.5 18:26 18.1 7:26 0.0 7.4 0.0 1.0 38.6 22:21 W 22 20.2 28.7 16:34 13.9 7:20 3.2 12.7 0.0 0.8 41.8 0:15 W 23 22.4 29.3 18:55 13.0 6:39 1.4 6.7 0.0 0.6 16.1 12:34 SE 24 21.8 29.3 18:22 14.4 6:53 0.9 4.8 0.0 0.0 17.7 11:52 SE 25 23.4 29.2 19:00 16.4 6:06 0.3 7.5 0.0 0.3 14.5 13:31 SSE 26 24.1 27.9 14:30 18.3 7:08 0.0 8.6 0.0 0.3 17.7 13:06 ESE 27 23.4 29.7 18:47 16.2 6:43 0.3 6.6 0.0 1.3 16.1 14:13 SSE 28 24.4 30.1 15:48 16.9 6:51 0.2 9.2 0.0 0.5 17.7 13:27 SSW 29 24.6 29.6 13:32 18.0 7:08 0.0 8.4 0.0 0.3 16.1 20:39 SSW 30 20.9 24.4 17:08 18.1 7:39 0.0 2.8 2.8 0.2 20.9 17:46 NNW 31 22.0 28.2 17:26 16.7 7:11 0.2 3.9 0.0 0.6 20.9 11:23 WSW ------------------------------------------------------------------------------------- 22.6 31.9 4 11.2 12 16.6 195.4 149.6 0.6 41.8 5 S Max >= 32.0: 0 Max <= 0.0: 0 Min <= 0.0: 0 Min <= -18.0: 0 Max Rain: 60.20 ON 20/08/16 Days of Rain: 8 (> .2 mm) 6 (> 2 mm) 2 (> 20 mm) Heat Base: 18.3 Cool Base: 18.3 Method: Integration